{"id":61,"date":"2024-09-22T23:13:26","date_gmt":"2024-09-23T02:13:26","guid":{"rendered":"https:\/\/departamentos.ufrrj.br\/dca\/?page_id=61"},"modified":"2025-05-16T12:05:37","modified_gmt":"2025-05-16T15:05:37","slug":"disciplinas","status":"publish","type":"page","link":"https:\/\/departamentos.ufrrj.br\/dca\/disciplinas\/","title":{"rendered":"Disciplinas"},"content":{"rendered":"\n<figure class=\"wp-block-table\"><table class=\"has-fixed-layout\"><tbody><tr><td class=\"has-text-align-center\" data-align=\"center\"><strong>C\u00d3DIGO<\/strong><\/td><td class=\"has-text-align-center\" data-align=\"center\"><strong>NOME<\/strong><\/td><\/tr><tr><td class=\"has-text-align-center\" data-align=\"center\"><strong>IC868<\/strong><\/td><td class=\"has-text-align-center\" data-align=\"center\"><a href=\"https:\/\/departamentos.ufrrj.br\/dca\/wp-content\/uploads\/sites\/3\/2025\/05\/IC-868-CALCULO-1A.pdf\"><strong>C\u00c1LCULO 1A &#8211; 60h<\/strong><\/a><\/td><\/tr><tr><td class=\"has-text-align-center\" data-align=\"center\"><strong>IC869<\/strong><\/td><td class=\"has-text-align-center\" data-align=\"center\"><a href=\"https:\/\/departamentos.ufrrj.br\/dca\/wp-content\/uploads\/sites\/3\/2025\/05\/CALCULO-2A.pdf\"><strong>C\u00c1LCULO 2A &#8211; 60h<\/strong><\/a><\/td><\/tr><tr><td class=\"has-text-align-center\" data-align=\"center\"><strong>IS434<\/strong><\/td><td class=\"has-text-align-center\" data-align=\"center\"><a href=\"https:\/\/departamentos.ufrrj.br\/dca\/wp-content\/uploads\/sites\/3\/2025\/05\/CONTABILIDADE-GERAL.pdf\"><strong>CONTABILIDADE GERAL &#8211; 60h<\/strong><\/a><\/td><\/tr><tr><td class=\"has-text-align-center\" data-align=\"center\"><strong>TH759<\/strong><\/td><td class=\"has-text-align-center\" data-align=\"center\"><a href=\"https:\/\/departamentos.ufrrj.br\/dca\/wp-content\/uploads\/sites\/3\/2025\/05\/DIREITO-NOS-NEGOCIOS.pdf\"><strong>DIREITO NOS NEG\u00d3CIOS &#8211; 60h<\/strong><\/a><\/td><\/tr><tr><td class=\"has-text-align-center\" data-align=\"center\"><strong>AA613<\/strong><\/td><td class=\"has-text-align-center\" data-align=\"center\"><strong>EST\u00c1GIO SUPERVISIONADO EM ADMINISTRA\u00c7\u00c3O &#8211; 60h<\/strong><\/td><\/tr><tr><td class=\"has-text-align-center\" data-align=\"center\"><strong>IC282<\/strong><\/td><td class=\"has-text-align-center\" data-align=\"center\"><a href=\"https:\/\/departamentos.ufrrj.br\/dca\/wp-content\/uploads\/sites\/3\/2025\/05\/ESTATISTICA-APLICADA-ECO-ADM.pdf\"><strong>ESTAT\u00cdSTICA APLICADA \u00c0 ECONOMIA E ADMINISTRA\u00c7\u00c3O &#8211; 60h<\/strong><\/a><\/td><\/tr><tr><td class=\"has-text-align-center\" data-align=\"center\"><strong>IC280<\/strong><\/td><td class=\"has-text-align-center\" data-align=\"center\"><a href=\"https:\/\/departamentos.ufrrj.br\/dca\/wp-content\/uploads\/sites\/3\/2025\/05\/ESTATISTICA-BASICA.pdf\"><strong>ESTAT\u00cdSTICA B\u00c1SICA &#8211; 60h<\/strong><\/a><\/td><\/tr><tr><td class=\"has-text-align-center\" data-align=\"center\"><strong>IS101<\/strong><\/td><td class=\"has-text-align-center\" data-align=\"center\"><strong><a href=\"https:\/\/departamentos.ufrrj.br\/dca\/wp-content\/uploads\/sites\/3\/2025\/05\/ESTUDOS-ORGANIZACIONAIS-I-2.pdf\">ESTUDOS ORGANIZACIONAIS I &#8211; 60h<\/a><\/strong><\/td><\/tr><tr><td class=\"has-text-align-center\" data-align=\"center\"><strong>IS103<\/strong><\/td><td class=\"has-text-align-center\" data-align=\"center\"><strong><a href=\"https:\/\/departamentos.ufrrj.br\/dca\/wp-content\/uploads\/sites\/3\/2025\/05\/ESTUDOS-ORGANIZACIONAIS-II.pdf\">ESTUDOS ORGANIZACIONAIS II &#8211; 60h<\/a><\/strong><\/td><\/tr><tr><td class=\"has-text-align-center\" data-align=\"center\"><strong>IH453<\/strong><\/td><td class=\"has-text-align-center\" data-align=\"center\"><strong><a href=\"https:\/\/departamentos.ufrrj.br\/dca\/wp-content\/uploads\/sites\/3\/2025\/05\/IH-453-FILOSOFIA-E-ETICA-DAS-ORGANIZACOES.pdf\">FILOSOFIA E \u00c9TICA DAS ORGANIZA\u00c7\u00d5ES &#8211; 60h<\/a><\/strong><\/td><\/tr><tr><td class=\"has-text-align-center\" data-align=\"center\"><strong>IH913<\/strong><\/td><td class=\"has-text-align-center\" data-align=\"center\"><a href=\"https:\/\/departamentos.ufrrj.br\/dca\/wp-content\/uploads\/sites\/3\/2025\/05\/FUND-CIENCIAS-SOCIAIS.pdf\"><strong>FUNDAMENTOS DAS CI\u00caNCIAS SOCIAIS &#8211; 60h<\/strong><\/a><\/td><\/tr><tr><td class=\"has-text-align-center\" data-align=\"center\"><strong>IH297<\/strong><\/td><td class=\"has-text-align-center\" data-align=\"center\"><strong><a href=\"https:\/\/departamentos.ufrrj.br\/dca\/wp-content\/uploads\/sites\/3\/2025\/05\/IH297-FUNDAMENTOS-DE-MACROECONOMIA.pdf\">FUNDAMENTOS DE MACROECONOMIA &#8211; 60h<\/a><\/strong><\/td><\/tr><tr><td class=\"has-text-align-center\" data-align=\"center\"><strong>IH296<\/strong><\/td><td class=\"has-text-align-center\" data-align=\"center\"><a href=\"https:\/\/departamentos.ufrrj.br\/dca\/wp-content\/uploads\/sites\/3\/2025\/05\/FUND-MICROEC.pdf\"><strong>FUNDAMENTOS DE MICROECONOMIA &#8211; 60h<\/strong><\/a><\/td><\/tr><tr><td class=\"has-text-align-center\" data-align=\"center\"><strong>IS111<\/strong><\/td><td class=\"has-text-align-center\" data-align=\"center\"><a href=\"https:\/\/departamentos.ufrrj.br\/dca\/wp-content\/uploads\/sites\/3\/2025\/05\/GESTAO-DE-OPER-I.pdf\"><strong>GEST\u00c3O DE OPERA\u00c7\u00d5ES I &#8211; 60h<\/strong><\/a><\/td><\/tr><tr><td class=\"has-text-align-center\" data-align=\"center\"><strong>IS112<\/strong><\/td><td class=\"has-text-align-center\" data-align=\"center\"><a href=\"https:\/\/departamentos.ufrrj.br\/dca\/wp-content\/uploads\/sites\/3\/2025\/05\/GESTAO-DE-OPER-II.pdf\"><strong>GEST\u00c3O DE OPERA\u00c7\u00d5ES II &#8211; 60h<\/strong><\/a><\/td><\/tr><tr><td class=\"has-text-align-center\" data-align=\"center\"><strong>IS114<\/strong><\/td><td class=\"has-text-align-center\" data-align=\"center\"><a href=\"https:\/\/departamentos.ufrrj.br\/dca\/wp-content\/uploads\/sites\/3\/2025\/05\/GESTAO-PESSOAS-I.pdf\"><strong>GEST\u00c3O DE PESSOAS I &#8211; 60h<\/strong><\/a><\/td><\/tr><tr><td class=\"has-text-align-center\" data-align=\"center\"><strong>IS115<\/strong><\/td><td class=\"has-text-align-center\" data-align=\"center\"><a href=\"https:\/\/departamentos.ufrrj.br\/dca\/wp-admin\/post.php?post=61&amp;action=edit\"><strong>GEST\u00c3O DE PESSOAS II &#8211; 60h<\/strong><\/a><\/td><\/tr><tr><td class=\"has-text-align-center\" data-align=\"center\"><strong>IS105<\/strong><\/td><td class=\"has-text-align-center\" data-align=\"center\"><a href=\"https:\/\/departamentos.ufrrj.br\/dca\/wp-content\/uploads\/sites\/3\/2025\/05\/GESTAO-PROCESSOS.pdf\"><strong>GEST\u00c3O DE PROCESSOS &#8211; 60h<\/strong><\/a><\/td><\/tr><tr><td class=\"has-text-align-center\" data-align=\"center\"><strong>IS435<\/strong><\/td><td class=\"has-text-align-center\" data-align=\"center\"><a href=\"https:\/\/departamentos.ufrrj.br\/dca\/wp-content\/uploads\/sites\/3\/2025\/05\/GESTAO-E-CONTABILIDADE-DE-CUSTOS.pdf\"><strong>GEST\u00c3O E CONTABILIDADE DE CUSTOS &#8211; 60h<\/strong><\/a><\/td><\/tr><tr><td class=\"has-text-align-center\" data-align=\"center\"><strong>IS113<\/strong><\/td><td class=\"has-text-align-center\" data-align=\"center\"><a href=\"https:\/\/departamentos.ufrrj.br\/dca\/wp-content\/uploads\/sites\/3\/2025\/05\/GESTAO-SIST-QLDD.pdf\"><strong>GEST\u00c3O E SISTEMAS DE QUALIDADE &#8211; 60h<\/strong><\/a><\/td><\/tr><tr><td class=\"has-text-align-center\" data-align=\"center\"><strong>IS106<\/strong><\/td><td class=\"has-text-align-center\" data-align=\"center\"><a href=\"https:\/\/departamentos.ufrrj.br\/dca\/wp-content\/uploads\/sites\/3\/2025\/05\/GESTAO-EMPREEND-INOVA.pdf\"><strong>GEST\u00c3O EMPREENDEDORA E INOVA\u00c7\u00c3O &#8211; 60h<\/strong><\/a><\/td><\/tr><tr><td class=\"has-text-align-center\" data-align=\"center\">IS118<\/td><td class=\"has-text-align-center\" data-align=\"center\"><a href=\"https:\/\/departamentos.ufrrj.br\/dca\/wp-content\/uploads\/sites\/3\/2025\/05\/GESTAO-ESTRATEGICA.pdf\"><strong>GEST\u00c3O ESTRAT\u00c9GICA &#8211; 60h<\/strong><\/a><\/td><\/tr><tr><td class=\"has-text-align-center\" data-align=\"center\"><strong>IS108<\/strong><\/td><td class=\"has-text-align-center\" data-align=\"center\"><a href=\"https:\/\/departamentos.ufrrj.br\/dca\/wp-content\/uploads\/sites\/3\/2025\/05\/G-E-M.pdf\"><strong>GEST\u00c3O ESTRAT\u00c9GICA DE MARKETING &#8211; 60h<\/strong><\/a><\/td><\/tr><tr><td class=\"has-text-align-center\" data-align=\"center\"><strong>IS436<\/strong><\/td><td class=\"has-text-align-center\" data-align=\"center\"><a href=\"https:\/\/departamentos.ufrrj.br\/dca\/wp-content\/uploads\/sites\/3\/2025\/05\/GESTAO-FIN-CP.pdf\"><strong>GEST\u00c3O FINANCEIRA DE CURTO PRAZO &#8211; 60h<\/strong><\/a><\/td><\/tr><tr><td class=\"has-text-align-center\" data-align=\"center\"><strong>IS437<\/strong><\/td><td class=\"has-text-align-center\" data-align=\"center\"><a href=\"https:\/\/departamentos.ufrrj.br\/dca\/wp-content\/uploads\/sites\/3\/2025\/05\/GESTAO-FIN-LP-FINAN.pdf\"><strong>GEST\u00c3O FINANCEIRA DE LONGO PRAZO &#8211; FINANCIAMENTO &#8211; 60h<\/strong><\/a><\/td><\/tr><tr><td class=\"has-text-align-center\" data-align=\"center\"><strong>IS438<\/strong><\/td><td class=\"has-text-align-center\" data-align=\"center\"><a href=\"https:\/\/departamentos.ufrrj.br\/dca\/wp-content\/uploads\/sites\/3\/2025\/05\/GESTAO-FIN-LP-INVEST.pdf\"><strong>GEST\u00c3O FINANCEIRA DE LONGO PRAZO &#8211; INVESTIMENTO &#8211; 60h<\/strong><\/a><\/td><\/tr><tr><td class=\"has-text-align-center\" data-align=\"center\"><strong>IS107<\/strong><\/td><td class=\"has-text-align-center\" data-align=\"center\"><a href=\"https:\/\/departamentos.ufrrj.br\/dca\/wp-content\/uploads\/sites\/3\/2025\/05\/GESTAO-SOCIOAMBIENTAL.pdf\"><strong>GEST\u00c3O SOCIOAMBIENTAL &#8211; 30h<\/strong><\/a><\/td><\/tr><tr><td class=\"has-text-align-center\" data-align=\"center\"><strong>IS126<\/strong><\/td><td class=\"has-text-align-center\" data-align=\"center\"><a href=\"https:\/\/departamentos.ufrrj.br\/dca\/wp-content\/uploads\/sites\/3\/2025\/05\/GOVERNANCA-CORPORATIVA.pdf\"><strong>GOVERNAN\u00c7A CORPORATIVA E COMPLIANCE &#8211; 30h<\/strong><\/a><\/td><\/tr><tr><td class=\"has-text-align-center\" data-align=\"center\"><strong>AEICSA017<\/strong><\/td><td class=\"has-text-align-center\" data-align=\"center\"><strong><a href=\"https:\/\/departamentos.ufrrj.br\/dca\/wp-content\/uploads\/sites\/3\/2025\/05\/AA-LABORATORIO-DE-IMERSAO-PROFISSIONAL-1.pdf\">LABORAT\u00d3RIO DE IMERS\u00c3O PROFISSIONAL &#8211; 150h<\/a><\/strong><\/td><\/tr><tr><td class=\"has-text-align-center\" data-align=\"center\"><strong>AEICSA016<\/strong><\/td><td class=\"has-text-align-center\" data-align=\"center\"><strong><a href=\"https:\/\/departamentos.ufrrj.br\/dca\/wp-content\/uploads\/sites\/3\/2025\/05\/AA-LABORATORIO-DE-NOVOS-MODELOS-DE-NEGOCIOS.pdf\">LABORAT\u00d3RIO DE NOVOS MODELOS DE NEG\u00d3CIOS &#8211; 60h<\/a><\/strong><\/td><\/tr><tr><td class=\"has-text-align-center\" data-align=\"center\"><strong>IH190<\/strong><\/td><td class=\"has-text-align-center\" data-align=\"center\"><a href=\"https:\/\/departamentos.ufrrj.br\/dca\/wp-content\/uploads\/sites\/3\/2025\/05\/GOVERNANCA-CORPORATIVA.pdf\"><strong>LEGISLA\u00c7\u00c3O TRABALHISTA &#8211; 60h<\/strong><\/a><\/td><\/tr><tr><td class=\"has-text-align-center\" data-align=\"center\"><strong>IS117<\/strong><\/td><td class=\"has-text-align-center\" data-align=\"center\"><a href=\"https:\/\/departamentos.ufrrj.br\/dca\/wp-content\/uploads\/sites\/3\/2025\/05\/LOGISTICA-EMPRES.pdf\"><strong>LOG\u00cdSTICA EMPRESARIAL &#8211; 60h<\/strong><\/a><\/td><\/tr><tr><td class=\"has-text-align-center\" data-align=\"center\"><strong>IS131<\/strong><\/td><td class=\"has-text-align-center\" data-align=\"center\"><a href=\"https:\/\/departamentos.ufrrj.br\/dca\/wp-content\/uploads\/sites\/3\/2025\/05\/MARKETING-NA-ERA-DIGITAL.pdf\"><strong>MARKETING NA ERA DIGITAL &#8211; 60h<\/strong><\/a><\/td><\/tr><tr><td class=\"has-text-align-center\" data-align=\"center\"><strong>IH130<\/strong><\/td><td class=\"has-text-align-center\" data-align=\"center\"><a href=\"https:\/\/departamentos.ufrrj.br\/dca\/wp-content\/uploads\/sites\/3\/2025\/05\/MAT-FIN.pdf\"><strong>MATEM\u00c1TICA FINANCEIRA &#8211; 60h<\/strong><\/a><\/td><\/tr><tr><td class=\"has-text-align-center\" data-align=\"center\"><strong>AA611<\/strong><\/td><td class=\"has-text-align-center\" data-align=\"center\"><a href=\"https:\/\/departamentos.ufrrj.br\/dca\/wp-content\/uploads\/sites\/3\/2025\/05\/MENTORIA-I.pdf\"><strong>MENTORIA I &#8211; 15h<\/strong><\/a><\/td><\/tr><tr><td class=\"has-text-align-center\" data-align=\"center\"><strong>AA612<\/strong><\/td><td class=\"has-text-align-center\" data-align=\"center\"><a href=\"https:\/\/departamentos.ufrrj.br\/dca\/wp-content\/uploads\/sites\/3\/2025\/05\/MENTORIA-II.pdf\"><strong>MENTORIA II &#8211; 15h<\/strong><\/a><\/td><\/tr><tr><td class=\"has-text-align-center\" data-align=\"center\"><strong>IS104<\/strong><\/td><td class=\"has-text-align-center\" data-align=\"center\"><a href=\"https:\/\/departamentos.ufrrj.br\/dca\/wp-content\/uploads\/sites\/3\/2025\/05\/METODOS-PESQ-ADM.pdf\"><strong>M\u00c9TODOS DE PESQUISA EM ADMINISTRA\u00c7\u00c3O &#8211; 30h<\/strong><\/a><\/td><\/tr><tr><td class=\"has-text-align-center\" data-align=\"center\"><strong>AAICSA001<\/strong><\/td><td class=\"has-text-align-center\" data-align=\"center\"><a href=\"https:\/\/departamentos.ufrrj.br\/dca\/wp-content\/uploads\/sites\/3\/2025\/05\/OFICINA-DE-COMUNICACAO-EMPRESARIAL.pdf\"><strong>OFICINA DE COMUNICA\u00c7\u00c3O EMPRESARIAL &#8211; 15h<\/strong><\/a><\/td><\/tr><tr><td class=\"has-text-align-center\" data-align=\"center\"><strong>IS109<\/strong><\/td><td class=\"has-text-align-center\" data-align=\"center\"><a href=\"https:\/\/departamentos.ufrrj.br\/dca\/wp-content\/uploads\/sites\/3\/2025\/05\/PESQ-SIST-INFO-MKT.pdf\"><strong>PESQUISA E SISTEMAS DE INFORMA\u00c7\u00d5ES EM MARKETING &#8211; 60h<\/strong><\/a><\/td><\/tr><tr><td class=\"has-text-align-center\" data-align=\"center\"><strong>AA614<\/strong><\/td><td class=\"has-text-align-center\" data-align=\"center\"><a href=\"https:\/\/departamentos.ufrrj.br\/dca\/wp-content\/uploads\/sites\/3\/2025\/05\/PROJETO-DE-CONCLUSAO-DE-CURSO-I.pdf\"><strong>PROJETO DE CONCLUS\u00c3O DE CURSO I &#8211; 90h<\/strong><\/a><\/td><\/tr><tr><td class=\"has-text-align-center\" data-align=\"center\"><strong>AA615<\/strong><\/td><td class=\"has-text-align-center\" data-align=\"center\"><strong><a href=\"https:\/\/departamentos.ufrrj.br\/dca\/wp-content\/uploads\/sites\/3\/2025\/05\/PROJETO-DE-CONCLUSAO-DE-CURSO-II-1.pdf\">PROJETO DE CONCLUS\u00c3O DE CURSO II &#8211; 90h<\/a><\/strong><\/td><\/tr><tr><td class=\"has-text-align-center\" data-align=\"center\"><strong>IS109<\/strong><\/td><td class=\"has-text-align-center\" data-align=\"center\"><a href=\"https:\/\/departamentos.ufrrj.br\/dca\/wp-content\/uploads\/sites\/3\/2025\/05\/PSIC-ORG-TRAB-1.pdf\"><strong>PSICOLOGIA ORGANIZACIONAL DO TRABALHO &#8211; 60h<\/strong><\/a><\/td><\/tr><tr><td class=\"has-text-align-center\" data-align=\"center\"><strong>AEICSA015<\/strong><\/td><td class=\"has-text-align-center\" data-align=\"center\"><strong><a href=\"https:\/\/departamentos.ufrrj.br\/dca\/wp-content\/uploads\/sites\/3\/2025\/05\/SEMINARIOS-DE-EXTENSAO-EM-ADMINISTRACAO.pdf\">SEMIN\u00c1RIO DE EXTENS\u00c3O EM ADMINISTRA\u00c7\u00c3O &#8211; 60h<\/a><\/strong><\/td><\/tr><tr><td class=\"has-text-align-center\" data-align=\"center\"><strong>IS120<\/strong><\/td><td class=\"has-text-align-center\" data-align=\"center\"><a href=\"https:\/\/departamentos.ufrrj.br\/dca\/wp-content\/uploads\/sites\/3\/2025\/05\/SIST-INFO-TOM-DEC.pdf\"><strong>SISTEMAS DE INFORMA\u00c7\u00c3O PARA TOMADA DECIS\u00d5ES &#8211; 30h<\/strong><\/a><\/td><\/tr><tr><td class=\"has-text-align-center\" data-align=\"center\"><strong>IS102<\/strong><\/td><td class=\"has-text-align-center\" data-align=\"center\"><a href=\"https:\/\/departamentos.ufrrj.br\/dca\/wp-content\/uploads\/sites\/3\/2025\/05\/TEC-APL-GESTAO.pdf\"><strong>TECNOLOGIAS APLICADAS \u00c0 GEST\u00c3O &#8211; 30h<\/strong><\/a><\/td><\/tr><tr><td class=\"has-text-align-center\" data-align=\"center\"><strong>IS116<\/strong><\/td><td class=\"has-text-align-center\" data-align=\"center\"><a href=\"https:\/\/departamentos.ufrrj.br\/dca\/wp-content\/uploads\/sites\/3\/2025\/05\/TUTORIA-EM-PROJETO-DE-CONCLUSAO-DE-CURSO-1-30H.pdf\"><strong>TUTORIA EM PROJETO DE CONCLUS\u00c3O DE CURSO I &#8211; 30h<\/strong><\/a><\/td><\/tr><tr><td class=\"has-text-align-center\" data-align=\"center\"><strong>IS119<\/strong><\/td><td class=\"has-text-align-center\" data-align=\"center\"><strong>TUTORIA EM PROJETO DE CONCLUS\u00c3O DE CURSO II &#8211; 30h<\/strong><\/td><\/tr><\/tbody><\/table><\/figure>\n\n\n","protected":false},"excerpt":{"rendered":"<p>C\u00d3DIGO NOME IC868 C\u00c1LCULO 1A &#8211; 60h IC869 C\u00c1LCULO 2A &#8211; 60h IS434 CONTABILIDADE GERAL &#8211; 60h TH759 DIREITO NOS NEG\u00d3CIOS &#8211; [&hellip;]<\/p>\n","protected":false},"author":4,"featured_media":0,"parent":0,"menu_order":0,"comment_status":"closed","ping_status":"closed","template":"","meta":{"_acf_changed":false,"footnotes":""},"class_list":["post-61","page","type-page","status-publish","hentry"],"acf":[],"yoast_head":"<!-- This site is optimized with the Yoast SEO plugin v23.4 - https:\/\/yoast.com\/wordpress\/plugins\/seo\/ -->\n<title>Disciplinas - Departamento Ci\u00eancias Administrativas<\/title>\n<meta name=\"robots\" content=\"index, follow, max-snippet:-1, max-image-preview:large, max-video-preview:-1\" \/>\n<link rel=\"canonical\" href=\"https:\/\/departamentos.ufrrj.br\/dca\/disciplinas\/\" \/>\n<meta property=\"og:locale\" content=\"pt_BR\" \/>\n<meta property=\"og:type\" content=\"article\" \/>\n<meta property=\"og:title\" content=\"Disciplinas - Departamento Ci\u00eancias Administrativas\" \/>\n<meta property=\"og:description\" content=\"C\u00d3DIGO NOME IC868 C\u00c1LCULO 1A &#8211; 60h IC869 C\u00c1LCULO 2A &#8211; 60h IS434 CONTABILIDADE GERAL &#8211; 60h TH759 DIREITO NOS NEG\u00d3CIOS &#8211; [&hellip;]\" \/>\n<meta property=\"og:url\" content=\"https:\/\/departamentos.ufrrj.br\/dca\/disciplinas\/\" \/>\n<meta property=\"og:site_name\" content=\"Departamento Ci\u00eancias Administrativas\" \/>\n<meta property=\"article:modified_time\" content=\"2025-05-16T15:05:37+00:00\" \/>\n<meta name=\"twitter:card\" content=\"summary_large_image\" \/>\n<meta name=\"twitter:label1\" content=\"Est. tempo de leitura\" \/>\n\t<meta name=\"twitter:data1\" content=\"2 minutos\" \/>\n<script type=\"application\/ld+json\" class=\"yoast-schema-graph\">{\"@context\":\"https:\/\/schema.org\",\"@graph\":[{\"@type\":\"WebPage\",\"@id\":\"https:\/\/departamentos.ufrrj.br\/dca\/disciplinas\/\",\"url\":\"https:\/\/departamentos.ufrrj.br\/dca\/disciplinas\/\",\"name\":\"Disciplinas - Departamento Ci\u00eancias Administrativas\",\"isPartOf\":{\"@id\":\"https:\/\/departamentos.ufrrj.br\/dca\/#website\"},\"datePublished\":\"2024-09-23T02:13:26+00:00\",\"dateModified\":\"2025-05-16T15:05:37+00:00\",\"breadcrumb\":{\"@id\":\"https:\/\/departamentos.ufrrj.br\/dca\/disciplinas\/#breadcrumb\"},\"inLanguage\":\"pt-BR\",\"potentialAction\":[{\"@type\":\"ReadAction\",\"target\":[\"https:\/\/departamentos.ufrrj.br\/dca\/disciplinas\/\"]}]},{\"@type\":\"BreadcrumbList\",\"@id\":\"https:\/\/departamentos.ufrrj.br\/dca\/disciplinas\/#breadcrumb\",\"itemListElement\":[{\"@type\":\"ListItem\",\"position\":1,\"name\":\"In\u00edcio\",\"item\":\"https:\/\/departamentos.ufrrj.br\/dca\/\"},{\"@type\":\"ListItem\",\"position\":2,\"name\":\"Disciplinas\"}]},{\"@type\":\"WebSite\",\"@id\":\"https:\/\/departamentos.ufrrj.br\/dca\/#website\",\"url\":\"https:\/\/departamentos.ufrrj.br\/dca\/\",\"name\":\"Departamento Ci\u00eancias Administrativas\",\"description\":\"\",\"potentialAction\":[{\"@type\":\"SearchAction\",\"target\":{\"@type\":\"EntryPoint\",\"urlTemplate\":\"https:\/\/departamentos.ufrrj.br\/dca\/?s={search_term_string}\"},\"query-input\":{\"@type\":\"PropertyValueSpecification\",\"valueRequired\":true,\"valueName\":\"search_term_string\"}}],\"inLanguage\":\"pt-BR\"}]}<\/script>\n<!-- \/ Yoast SEO plugin. -->","yoast_head_json":{"title":"Disciplinas - Departamento Ci\u00eancias Administrativas","robots":{"index":"index","follow":"follow","max-snippet":"max-snippet:-1","max-image-preview":"max-image-preview:large","max-video-preview":"max-video-preview:-1"},"canonical":"https:\/\/departamentos.ufrrj.br\/dca\/disciplinas\/","og_locale":"pt_BR","og_type":"article","og_title":"Disciplinas - Departamento Ci\u00eancias Administrativas","og_description":"C\u00d3DIGO NOME IC868 C\u00c1LCULO 1A &#8211; 60h IC869 C\u00c1LCULO 2A &#8211; 60h IS434 CONTABILIDADE GERAL &#8211; 60h TH759 DIREITO NOS NEG\u00d3CIOS &#8211; [&hellip;]","og_url":"https:\/\/departamentos.ufrrj.br\/dca\/disciplinas\/","og_site_name":"Departamento Ci\u00eancias Administrativas","article_modified_time":"2025-05-16T15:05:37+00:00","twitter_card":"summary_large_image","twitter_misc":{"Est. tempo de leitura":"2 minutos"},"schema":{"@context":"https:\/\/schema.org","@graph":[{"@type":"WebPage","@id":"https:\/\/departamentos.ufrrj.br\/dca\/disciplinas\/","url":"https:\/\/departamentos.ufrrj.br\/dca\/disciplinas\/","name":"Disciplinas - Departamento Ci\u00eancias Administrativas","isPartOf":{"@id":"https:\/\/departamentos.ufrrj.br\/dca\/#website"},"datePublished":"2024-09-23T02:13:26+00:00","dateModified":"2025-05-16T15:05:37+00:00","breadcrumb":{"@id":"https:\/\/departamentos.ufrrj.br\/dca\/disciplinas\/#breadcrumb"},"inLanguage":"pt-BR","potentialAction":[{"@type":"ReadAction","target":["https:\/\/departamentos.ufrrj.br\/dca\/disciplinas\/"]}]},{"@type":"BreadcrumbList","@id":"https:\/\/departamentos.ufrrj.br\/dca\/disciplinas\/#breadcrumb","itemListElement":[{"@type":"ListItem","position":1,"name":"In\u00edcio","item":"https:\/\/departamentos.ufrrj.br\/dca\/"},{"@type":"ListItem","position":2,"name":"Disciplinas"}]},{"@type":"WebSite","@id":"https:\/\/departamentos.ufrrj.br\/dca\/#website","url":"https:\/\/departamentos.ufrrj.br\/dca\/","name":"Departamento Ci\u00eancias Administrativas","description":"","potentialAction":[{"@type":"SearchAction","target":{"@type":"EntryPoint","urlTemplate":"https:\/\/departamentos.ufrrj.br\/dca\/?s={search_term_string}"},"query-input":{"@type":"PropertyValueSpecification","valueRequired":true,"valueName":"search_term_string"}}],"inLanguage":"pt-BR"}]}},"_links":{"self":[{"href":"https:\/\/departamentos.ufrrj.br\/dca\/wp-json\/wp\/v2\/pages\/61"}],"collection":[{"href":"https:\/\/departamentos.ufrrj.br\/dca\/wp-json\/wp\/v2\/pages"}],"about":[{"href":"https:\/\/departamentos.ufrrj.br\/dca\/wp-json\/wp\/v2\/types\/page"}],"author":[{"embeddable":true,"href":"https:\/\/departamentos.ufrrj.br\/dca\/wp-json\/wp\/v2\/users\/4"}],"replies":[{"embeddable":true,"href":"https:\/\/departamentos.ufrrj.br\/dca\/wp-json\/wp\/v2\/comments?post=61"}],"version-history":[{"count":30,"href":"https:\/\/departamentos.ufrrj.br\/dca\/wp-json\/wp\/v2\/pages\/61\/revisions"}],"predecessor-version":[{"id":265,"href":"https:\/\/departamentos.ufrrj.br\/dca\/wp-json\/wp\/v2\/pages\/61\/revisions\/265"}],"wp:attachment":[{"href":"https:\/\/departamentos.ufrrj.br\/dca\/wp-json\/wp\/v2\/media?parent=61"}],"curies":[{"name":"wp","href":"https:\/\/api.w.org\/{rel}","templated":true}]}}