{"id":66,"date":"2024-09-22T23:13:26","date_gmt":"2024-09-23T02:13:26","guid":{"rendered":"https:\/\/departamentos.ufrrj.br\/dca\/?page_id=66"},"modified":"2025-05-15T14:55:25","modified_gmt":"2025-05-15T17:55:25","slug":"publicacoes-2","status":"publish","type":"page","link":"https:\/\/departamentos.ufrrj.br\/dca\/publicacoes-2\/","title":{"rendered":"Atribui\u00e7\u00e3o"},"content":{"rendered":"\n<p><strong>Art. 79 \u2013 A Chefia de Departamento \u00e9 composta por:<\/strong><br>a) Chefe;<br>b) Vice-Chefe;<br>c) Secretaria Administrativa.<\/p>\n\n\n\n<p><strong>Art. 80 \u2013 Compete ao Chefe de Departamento:<\/strong><br>I \u2013 a gest\u00e3o e a superintend\u00eancia das atividades do Departamento;<br>II \u2013 representar o Departamento;<br>III \u2013 presidir as reuni\u00f5es do Colegiado do Departamento;<br>IV \u2013 elaborar a distribui\u00e7\u00e3o de disciplinas de cada per\u00edodo letivo em conson\u00e2ncia com as coordena\u00e7\u00f5es dos cursos para os quais o Departamento oferece disciplinas;<br>V \u2013 encaminhar as delibera\u00e7\u00f5es do Departamento \u00e0s inst\u00e2ncias competentes, zelando para que as mesmas venham a ser fielmente cumpridas;<br>VI \u2013 dar cumprimento \u00e0s delibera\u00e7\u00f5es do CONSUNI e do Colegiado do Departamento;<br>VII \u2013 supervisionar e avaliar o desenvolvimento das atividades de ensino, pesquisa e extens\u00e3o do Departamento para prover acerca de sua regularidade, disciplina, decoro e efic\u00e1cia;<br>VIII \u2013 promover a divulga\u00e7\u00e3o das atividades do Departamento;<br>IX \u2013 propor conv\u00eanios, contratos, acordos e ajustes;<br>X \u2013 estimular e apoiar a participa\u00e7\u00e3o do Departamento em eventos culturais;<br>XI \u2013 superintender a administra\u00e7\u00e3o dos bens patrimoniais em uso no Departamento e o emprego de recursos financeiros, prestando contas aos \u00f3rg\u00e3os competentes da Universidade;<br>XII \u2013 propor execu\u00e7\u00e3o de servi\u00e7os ou obras e aquisi\u00e7\u00e3o de material;<br>XIII \u2013 assegurar a execu\u00e7\u00e3o do regime did\u00e1tico, especialmente no que concerne a programas e hor\u00e1rios das disciplinas do Departamento;<br>XIV \u2013 cumprir e fazer cumprir o Estatuto da Universidade, este Regimento, normas legais e decis\u00f5es administrativas;<br>XV \u2013 promover reuni\u00f5es, semin\u00e1rios e encontros cient\u00edficos e culturais;<br>XVI \u2013 zelar pelo fiel cumprimento do regime disciplinar a que est\u00e3o sujeitos os docentes e t\u00e9cnico-administrativos da Universidade, no \u00e2mbito do Departamento;<br>XVII \u2013 encaminhar \u00e0 Diretoria do Instituto, nos prazos regulamentares, o Plano Anual das Atividades do Departamento para o exerc\u00edcio seguinte;<br>XVIII \u2013 apresentar \u00e0 Diretoria do Instituto nos prazos regulamentares e tornar p\u00fablico o relat\u00f3rio das atividades desenvolvidas no Departamento;<br>XIX \u2013 fiscalizar a frequ\u00eancia dos servidores, manter a ordem e a disciplina, propor a instaura\u00e7\u00e3o de sindic\u00e2ncias e processos administrativos disciplinares;<br>XX \u2013 propor \u00e0 Diretoria do Instituto a constitui\u00e7\u00e3o de comiss\u00f5es ou grupos de trabalho destinados \u00e0 realiza\u00e7\u00e3o de tarefas espec\u00edficas;<br>XXI \u2013 desempenhar outras fun\u00e7\u00f5es inerentes ao cargo, de acordo com o disposto no Estatuto e neste Regimento;<br>XXII \u2013 adotar medidas de urg\u00eancia, ad referendum do Colegiado do Departamento.<br>\u00a7 1\u00ba \u2013 O Chefe e o Vice-Chefe s\u00e3o docentes do quadro permanente do Departamento em regime de tempo integral, eleitos para mandatos de dois anos, com possibilidade de at\u00e9 tr\u00eas recondu\u00e7\u00f5es, nos termos da legisla\u00e7\u00e3o vigente e deste Regimento.<br>\u00a7 2\u00ba \u2013 Participam da escolha do Chefe e do Vice-Chefe docentes e t\u00e9cnicos lotados no departamento e discentes dos cursos que participam da escolha de representantes junto ao Colegiado do Departamento.<\/p>\n","protected":false},"excerpt":{"rendered":"<p>Art. 79 \u2013 A Chefia de Departamento \u00e9 composta por:a) Chefe;b) Vice-Chefe;c) Secretaria Administrativa. Art. 80 \u2013 Compete ao Chefe de Departamento:I [&hellip;]<\/p>\n","protected":false},"author":4,"featured_media":0,"parent":0,"menu_order":0,"comment_status":"closed","ping_status":"closed","template":"","meta":{"_acf_changed":false,"footnotes":""},"class_list":["post-66","page","type-page","status-publish","hentry"],"acf":[],"yoast_head":"<!-- This site is optimized with the Yoast SEO plugin v23.4 - https:\/\/yoast.com\/wordpress\/plugins\/seo\/ -->\n<title>Atribui\u00e7\u00e3o - Departamento Ci\u00eancias Administrativas<\/title>\n<meta name=\"robots\" content=\"index, follow, max-snippet:-1, max-image-preview:large, max-video-preview:-1\" \/>\n<link rel=\"canonical\" href=\"https:\/\/departamentos.ufrrj.br\/dca\/publicacoes-2\/\" \/>\n<meta property=\"og:locale\" content=\"pt_BR\" \/>\n<meta property=\"og:type\" content=\"article\" \/>\n<meta property=\"og:title\" content=\"Atribui\u00e7\u00e3o - Departamento Ci\u00eancias Administrativas\" \/>\n<meta property=\"og:description\" content=\"Art. 79 \u2013 A Chefia de Departamento \u00e9 composta por:a) Chefe;b) Vice-Chefe;c) Secretaria Administrativa. Art. 80 \u2013 Compete ao Chefe de Departamento:I [&hellip;]\" \/>\n<meta property=\"og:url\" content=\"https:\/\/departamentos.ufrrj.br\/dca\/publicacoes-2\/\" \/>\n<meta property=\"og:site_name\" content=\"Departamento Ci\u00eancias Administrativas\" \/>\n<meta property=\"article:modified_time\" content=\"2025-05-15T17:55:25+00:00\" \/>\n<meta name=\"twitter:card\" content=\"summary_large_image\" \/>\n<meta name=\"twitter:label1\" content=\"Est. tempo de leitura\" \/>\n\t<meta name=\"twitter:data1\" content=\"3 minutos\" \/>\n<script type=\"application\/ld+json\" class=\"yoast-schema-graph\">{\"@context\":\"https:\/\/schema.org\",\"@graph\":[{\"@type\":\"WebPage\",\"@id\":\"https:\/\/departamentos.ufrrj.br\/dca\/publicacoes-2\/\",\"url\":\"https:\/\/departamentos.ufrrj.br\/dca\/publicacoes-2\/\",\"name\":\"Atribui\u00e7\u00e3o - Departamento Ci\u00eancias Administrativas\",\"isPartOf\":{\"@id\":\"https:\/\/departamentos.ufrrj.br\/dca\/#website\"},\"datePublished\":\"2024-09-23T02:13:26+00:00\",\"dateModified\":\"2025-05-15T17:55:25+00:00\",\"breadcrumb\":{\"@id\":\"https:\/\/departamentos.ufrrj.br\/dca\/publicacoes-2\/#breadcrumb\"},\"inLanguage\":\"pt-BR\",\"potentialAction\":[{\"@type\":\"ReadAction\",\"target\":[\"https:\/\/departamentos.ufrrj.br\/dca\/publicacoes-2\/\"]}]},{\"@type\":\"BreadcrumbList\",\"@id\":\"https:\/\/departamentos.ufrrj.br\/dca\/publicacoes-2\/#breadcrumb\",\"itemListElement\":[{\"@type\":\"ListItem\",\"position\":1,\"name\":\"In\u00edcio\",\"item\":\"https:\/\/departamentos.ufrrj.br\/dca\/\"},{\"@type\":\"ListItem\",\"position\":2,\"name\":\"Atribui\u00e7\u00e3o\"}]},{\"@type\":\"WebSite\",\"@id\":\"https:\/\/departamentos.ufrrj.br\/dca\/#website\",\"url\":\"https:\/\/departamentos.ufrrj.br\/dca\/\",\"name\":\"Departamento Ci\u00eancias Administrativas\",\"description\":\"\",\"potentialAction\":[{\"@type\":\"SearchAction\",\"target\":{\"@type\":\"EntryPoint\",\"urlTemplate\":\"https:\/\/departamentos.ufrrj.br\/dca\/?s={search_term_string}\"},\"query-input\":{\"@type\":\"PropertyValueSpecification\",\"valueRequired\":true,\"valueName\":\"search_term_string\"}}],\"inLanguage\":\"pt-BR\"}]}<\/script>\n<!-- \/ Yoast SEO plugin. -->","yoast_head_json":{"title":"Atribui\u00e7\u00e3o - Departamento Ci\u00eancias Administrativas","robots":{"index":"index","follow":"follow","max-snippet":"max-snippet:-1","max-image-preview":"max-image-preview:large","max-video-preview":"max-video-preview:-1"},"canonical":"https:\/\/departamentos.ufrrj.br\/dca\/publicacoes-2\/","og_locale":"pt_BR","og_type":"article","og_title":"Atribui\u00e7\u00e3o - Departamento Ci\u00eancias Administrativas","og_description":"Art. 79 \u2013 A Chefia de Departamento \u00e9 composta por:a) Chefe;b) Vice-Chefe;c) Secretaria Administrativa. Art. 80 \u2013 Compete ao Chefe de Departamento:I [&hellip;]","og_url":"https:\/\/departamentos.ufrrj.br\/dca\/publicacoes-2\/","og_site_name":"Departamento Ci\u00eancias Administrativas","article_modified_time":"2025-05-15T17:55:25+00:00","twitter_card":"summary_large_image","twitter_misc":{"Est. tempo de leitura":"3 minutos"},"schema":{"@context":"https:\/\/schema.org","@graph":[{"@type":"WebPage","@id":"https:\/\/departamentos.ufrrj.br\/dca\/publicacoes-2\/","url":"https:\/\/departamentos.ufrrj.br\/dca\/publicacoes-2\/","name":"Atribui\u00e7\u00e3o - Departamento Ci\u00eancias Administrativas","isPartOf":{"@id":"https:\/\/departamentos.ufrrj.br\/dca\/#website"},"datePublished":"2024-09-23T02:13:26+00:00","dateModified":"2025-05-15T17:55:25+00:00","breadcrumb":{"@id":"https:\/\/departamentos.ufrrj.br\/dca\/publicacoes-2\/#breadcrumb"},"inLanguage":"pt-BR","potentialAction":[{"@type":"ReadAction","target":["https:\/\/departamentos.ufrrj.br\/dca\/publicacoes-2\/"]}]},{"@type":"BreadcrumbList","@id":"https:\/\/departamentos.ufrrj.br\/dca\/publicacoes-2\/#breadcrumb","itemListElement":[{"@type":"ListItem","position":1,"name":"In\u00edcio","item":"https:\/\/departamentos.ufrrj.br\/dca\/"},{"@type":"ListItem","position":2,"name":"Atribui\u00e7\u00e3o"}]},{"@type":"WebSite","@id":"https:\/\/departamentos.ufrrj.br\/dca\/#website","url":"https:\/\/departamentos.ufrrj.br\/dca\/","name":"Departamento Ci\u00eancias Administrativas","description":"","potentialAction":[{"@type":"SearchAction","target":{"@type":"EntryPoint","urlTemplate":"https:\/\/departamentos.ufrrj.br\/dca\/?s={search_term_string}"},"query-input":{"@type":"PropertyValueSpecification","valueRequired":true,"valueName":"search_term_string"}}],"inLanguage":"pt-BR"}]}},"_links":{"self":[{"href":"https:\/\/departamentos.ufrrj.br\/dca\/wp-json\/wp\/v2\/pages\/66"}],"collection":[{"href":"https:\/\/departamentos.ufrrj.br\/dca\/wp-json\/wp\/v2\/pages"}],"about":[{"href":"https:\/\/departamentos.ufrrj.br\/dca\/wp-json\/wp\/v2\/types\/page"}],"author":[{"embeddable":true,"href":"https:\/\/departamentos.ufrrj.br\/dca\/wp-json\/wp\/v2\/users\/4"}],"replies":[{"embeddable":true,"href":"https:\/\/departamentos.ufrrj.br\/dca\/wp-json\/wp\/v2\/comments?post=66"}],"version-history":[{"count":2,"href":"https:\/\/departamentos.ufrrj.br\/dca\/wp-json\/wp\/v2\/pages\/66\/revisions"}],"predecessor-version":[{"id":136,"href":"https:\/\/departamentos.ufrrj.br\/dca\/wp-json\/wp\/v2\/pages\/66\/revisions\/136"}],"wp:attachment":[{"href":"https:\/\/departamentos.ufrrj.br\/dca\/wp-json\/wp\/v2\/media?parent=66"}],"curies":[{"name":"wp","href":"https:\/\/api.w.org\/{rel}","templated":true}]}}

Atribuição

<p><strong>Art. 79 – A Chefia de Departamento é composta por:</strong><br>a) Chefe;<br>b) Vice-Chefe;<br>c) Secretaria Administrativa.</p>



<p><strong>Art. 80 – Compete ao Chefe de Departamento:</strong><br>I – a gestão e a superintendência das atividades do Departamento;<br>II – representar o Departamento;<br>III – presidir as reuniões do Colegiado do Departamento;<br>IV – elaborar a distribuição de disciplinas de cada período letivo em consonância com as coordenações dos cursos para os quais o Departamento oferece disciplinas;<br>V – encaminhar as deliberações do Departamento às instâncias competentes, zelando para que as mesmas venham a ser fielmente cumpridas;<br>VI – dar cumprimento às deliberações do CONSUNI e do Colegiado do Departamento;<br>VII – supervisionar e avaliar o desenvolvimento das atividades de ensino, pesquisa e extensão do Departamento para prover acerca de sua regularidade, disciplina, decoro e eficácia;<br>VIII – promover a divulgação das atividades do Departamento;<br>IX – propor convênios, contratos, acordos e ajustes;<br>X – estimular e apoiar a participação do Departamento em eventos culturais;<br>XI – superintender a administração dos bens patrimoniais em uso no Departamento e o emprego de recursos financeiros, prestando contas aos órgãos competentes da Universidade;<br>XII – propor execução de serviços ou obras e aquisição de material;<br>XIII – assegurar a execução do regime didático, especialmente no que concerne a programas e horários das disciplinas do Departamento;<br>XIV – cumprir e fazer cumprir o Estatuto da Universidade, este Regimento, normas legais e decisões administrativas;<br>XV – promover reuniões, seminários e encontros científicos e culturais;<br>XVI – zelar pelo fiel cumprimento do regime disciplinar a que estão sujeitos os docentes e técnico-administrativos da Universidade, no âmbito do Departamento;<br>XVII – encaminhar à Diretoria do Instituto, nos prazos regulamentares, o Plano Anual das Atividades do Departamento para o exercício seguinte;<br>XVIII – apresentar à Diretoria do Instituto nos prazos regulamentares e tornar público o relatório das atividades desenvolvidas no Departamento;<br>XIX – fiscalizar a frequência dos servidores, manter a ordem e a disciplina, propor a instauração de sindicâncias e processos administrativos disciplinares;<br>XX – propor à Diretoria do Instituto a constituição de comissões ou grupos de trabalho destinados à realização de tarefas específicas;<br>XXI – desempenhar outras funções inerentes ao cargo, de acordo com o disposto no Estatuto e neste Regimento;<br>XXII – adotar medidas de urgência, ad referendum do Colegiado do Departamento.<br>§ 1º – O Chefe e o Vice-Chefe são docentes do quadro permanente do Departamento em regime de tempo integral, eleitos para mandatos de dois anos, com possibilidade de até três reconduções, nos termos da legislação vigente e deste Regimento.<br>§ 2º – Participam da escolha do Chefe e do Vice-Chefe docentes e técnicos lotados no departamento e discentes dos cursos que participam da escolha de representantes junto ao Colegiado do Departamento.</p>

<p>Art. 79 – A Chefia de Departamento é composta por:a) Chefe;b) Vice-Chefe;c) Secretaria Administrativa. Art. 80 – Compete ao Chefe de Departamento:I [&hellip;]</p>

<!-- This site is optimized with the Yoast SEO plugin v23.4 - https://yoast.com/wordpress/plugins/seo/ -->
<title>Atribuição - Departamento Ciências Administrativas</title>
<meta name="robots" content="index, follow, max-snippet:-1, max-image-preview:large, max-video-preview:-1" />
<link rel="canonical" href="https://departamentos.ufrrj.br/dca/publicacoes-2/" />
<meta property="og:locale" content="pt_BR" />
<meta property="og:type" content="article" />
<meta property="og:title" content="Atribuição - Departamento Ciências Administrativas" />
<meta property="og:description" content="Art. 79 – A Chefia de Departamento é composta por:a) Chefe;b) Vice-Chefe;c) Secretaria Administrativa. Art. 80 – Compete ao Chefe de Departamento:I [&hellip;]" />
<meta property="og:url" content="https://departamentos.ufrrj.br/dca/publicacoes-2/" />
<meta property="og:site_name" content="Departamento Ciências Administrativas" />
<meta property="article:modified_time" content="2025-05-15T17:55:25+00:00" />
<meta name="twitter:card" content="summary_large_image" />
<meta name="twitter:label1" content="Est. tempo de leitura" />
	<meta name="twitter:data1" content="3 minutos" />
<script type="application/ld+json" class="yoast-schema-graph">{"@context":"https://schema.org","@graph":[{"@type":"WebPage","@id":"https://departamentos.ufrrj.br/dca/publicacoes-2/","url":"https://departamentos.ufrrj.br/dca/publicacoes-2/","name":"Atribuição - Departamento Ciências Administrativas","isPartOf":{"@id":"https://departamentos.ufrrj.br/dca/#website"},"datePublished":"2024-09-23T02:13:26+00:00","dateModified":"2025-05-15T17:55:25+00:00","breadcrumb":{"@id":"https://departamentos.ufrrj.br/dca/publicacoes-2/#breadcrumb"},"inLanguage":"pt-BR","potentialAction":[{"@type":"ReadAction","target":["https://departamentos.ufrrj.br/dca/publicacoes-2/"]}]},{"@type":"BreadcrumbList","@id":"https://departamentos.ufrrj.br/dca/publicacoes-2/#breadcrumb","itemListElement":[{"@type":"ListItem","position":1,"name":"Início","item":"https://departamentos.ufrrj.br/dca/"},{"@type":"ListItem","position":2,"name":"Atribuição"}]},{"@type":"WebSite","@id":"https://departamentos.ufrrj.br/dca/#website","url":"https://departamentos.ufrrj.br/dca/","name":"Departamento Ciências Administrativas","description":"","potentialAction":[{"@type":"SearchAction","target":{"@type":"EntryPoint","urlTemplate":"https://departamentos.ufrrj.br/dca/?s={search_term_string}"},"query-input":{"@type":"PropertyValueSpecification","valueRequired":true,"valueName":"search_term_string"}}],"inLanguage":"pt-BR"}]}</script>
<!-- / Yoast SEO plugin. -->

Atribuição - Departamento Ciências Administrativas

Art. 79 – A Chefia de Departamento é composta por:a) Chefe;b) Vice-Chefe;c) Secretaria Administrativa. Art. 80 – Compete ao Chefe de Departamento:I [&hellip;]

Departamento Ciências Administrativas

Início
