{"id":699,"date":"2026-03-19T19:38:48","date_gmt":"2026-03-19T22:38:48","guid":{"rendered":"https:\/\/departamentos.ufrrj.br\/dce\/?page_id=699"},"modified":"2026-03-19T19:38:49","modified_gmt":"2026-03-19T22:38:49","slug":"bolsistas-de-iniciacao-cientifica-ou-extensao-e-tecnologica-orientados-por-docentes-do-dece","status":"publish","type":"page","link":"https:\/\/departamentos.ufrrj.br\/dce\/bolsistas-de-iniciacao-cientifica-ou-extensao-e-tecnologica-orientados-por-docentes-do-dece\/","title":{"rendered":"Bolsistas de Inicia\u00e7\u00e3o Cient\u00edfica ou Extens\u00e3o e Tecnol\u00f3gica orientados por docentes do DeCE"},"content":{"rendered":"","protected":false},"excerpt":{"rendered":"","protected":false},"author":3,"featured_media":0,"parent":0,"menu_order":0,"comment_status":"closed","ping_status":"closed","template":"","meta":{"_acf_changed":false,"footnotes":""},"class_list":["post-699","page","type-page","status-publish","hentry"],"acf":[],"yoast_head":"<!-- This site is optimized with the Yoast SEO plugin v23.4 - https:\/\/yoast.com\/wordpress\/plugins\/seo\/ -->\n<title>Bolsistas de Inicia\u00e7\u00e3o Cient\u00edfica ou Extens\u00e3o e Tecnol\u00f3gica orientados por docentes do DeCE - Departamento Ci\u00eancias Econ\u00f4micas<\/title>\n<meta name=\"robots\" content=\"index, follow, max-snippet:-1, max-image-preview:large, max-video-preview:-1\" \/>\n<link rel=\"canonical\" href=\"https:\/\/departamentos.ufrrj.br\/dce\/bolsistas-de-iniciacao-cientifica-ou-extensao-e-tecnologica-orientados-por-docentes-do-dece\/\" \/>\n<meta property=\"og:locale\" content=\"pt_BR\" \/>\n<meta property=\"og:type\" content=\"article\" \/>\n<meta property=\"og:title\" content=\"Bolsistas de Inicia\u00e7\u00e3o Cient\u00edfica ou Extens\u00e3o e Tecnol\u00f3gica orientados por docentes do DeCE - Departamento Ci\u00eancias Econ\u00f4micas\" \/>\n<meta property=\"og:url\" content=\"https:\/\/departamentos.ufrrj.br\/dce\/bolsistas-de-iniciacao-cientifica-ou-extensao-e-tecnologica-orientados-por-docentes-do-dece\/\" \/>\n<meta property=\"og:site_name\" content=\"Departamento Ci\u00eancias Econ\u00f4micas\" \/>\n<meta property=\"article:modified_time\" content=\"2026-03-19T22:38:49+00:00\" \/>\n<meta name=\"twitter:card\" content=\"summary_large_image\" \/>\n<script type=\"application\/ld+json\" class=\"yoast-schema-graph\">{\"@context\":\"https:\/\/schema.org\",\"@graph\":[{\"@type\":\"WebPage\",\"@id\":\"https:\/\/departamentos.ufrrj.br\/dce\/bolsistas-de-iniciacao-cientifica-ou-extensao-e-tecnologica-orientados-por-docentes-do-dece\/\",\"url\":\"https:\/\/departamentos.ufrrj.br\/dce\/bolsistas-de-iniciacao-cientifica-ou-extensao-e-tecnologica-orientados-por-docentes-do-dece\/\",\"name\":\"Bolsistas de Inicia\u00e7\u00e3o Cient\u00edfica ou Extens\u00e3o e Tecnol\u00f3gica orientados por docentes do DeCE - Departamento Ci\u00eancias Econ\u00f4micas\",\"isPartOf\":{\"@id\":\"https:\/\/departamentos.ufrrj.br\/dce\/#website\"},\"datePublished\":\"2026-03-19T22:38:48+00:00\",\"dateModified\":\"2026-03-19T22:38:49+00:00\",\"breadcrumb\":{\"@id\":\"https:\/\/departamentos.ufrrj.br\/dce\/bolsistas-de-iniciacao-cientifica-ou-extensao-e-tecnologica-orientados-por-docentes-do-dece\/#breadcrumb\"},\"inLanguage\":\"pt-BR\",\"potentialAction\":[{\"@type\":\"ReadAction\",\"target\":[\"https:\/\/departamentos.ufrrj.br\/dce\/bolsistas-de-iniciacao-cientifica-ou-extensao-e-tecnologica-orientados-por-docentes-do-dece\/\"]}]},{\"@type\":\"BreadcrumbList\",\"@id\":\"https:\/\/departamentos.ufrrj.br\/dce\/bolsistas-de-iniciacao-cientifica-ou-extensao-e-tecnologica-orientados-por-docentes-do-dece\/#breadcrumb\",\"itemListElement\":[{\"@type\":\"ListItem\",\"position\":1,\"name\":\"In\u00edcio\",\"item\":\"https:\/\/departamentos.ufrrj.br\/dce\/\"},{\"@type\":\"ListItem\",\"position\":2,\"name\":\"Bolsistas de Inicia\u00e7\u00e3o Cient\u00edfica ou Extens\u00e3o e Tecnol\u00f3gica orientados por docentes do DeCE\"}]},{\"@type\":\"WebSite\",\"@id\":\"https:\/\/departamentos.ufrrj.br\/dce\/#website\",\"url\":\"https:\/\/departamentos.ufrrj.br\/dce\/\",\"name\":\"Departamento Ci\u00eancias Econ\u00f4micas\",\"description\":\"\",\"potentialAction\":[{\"@type\":\"SearchAction\",\"target\":{\"@type\":\"EntryPoint\",\"urlTemplate\":\"https:\/\/departamentos.ufrrj.br\/dce\/?s={search_term_string}\"},\"query-input\":{\"@type\":\"PropertyValueSpecification\",\"valueRequired\":true,\"valueName\":\"search_term_string\"}}],\"inLanguage\":\"pt-BR\"}]}<\/script>\n<!-- \/ Yoast SEO plugin. -->","yoast_head_json":{"title":"Bolsistas de Inicia\u00e7\u00e3o Cient\u00edfica ou Extens\u00e3o e Tecnol\u00f3gica orientados por docentes do DeCE - Departamento Ci\u00eancias Econ\u00f4micas","robots":{"index":"index","follow":"follow","max-snippet":"max-snippet:-1","max-image-preview":"max-image-preview:large","max-video-preview":"max-video-preview:-1"},"canonical":"https:\/\/departamentos.ufrrj.br\/dce\/bolsistas-de-iniciacao-cientifica-ou-extensao-e-tecnologica-orientados-por-docentes-do-dece\/","og_locale":"pt_BR","og_type":"article","og_title":"Bolsistas de Inicia\u00e7\u00e3o Cient\u00edfica ou Extens\u00e3o e Tecnol\u00f3gica orientados por docentes do DeCE - Departamento Ci\u00eancias Econ\u00f4micas","og_url":"https:\/\/departamentos.ufrrj.br\/dce\/bolsistas-de-iniciacao-cientifica-ou-extensao-e-tecnologica-orientados-por-docentes-do-dece\/","og_site_name":"Departamento Ci\u00eancias Econ\u00f4micas","article_modified_time":"2026-03-19T22:38:49+00:00","twitter_card":"summary_large_image","schema":{"@context":"https:\/\/schema.org","@graph":[{"@type":"WebPage","@id":"https:\/\/departamentos.ufrrj.br\/dce\/bolsistas-de-iniciacao-cientifica-ou-extensao-e-tecnologica-orientados-por-docentes-do-dece\/","url":"https:\/\/departamentos.ufrrj.br\/dce\/bolsistas-de-iniciacao-cientifica-ou-extensao-e-tecnologica-orientados-por-docentes-do-dece\/","name":"Bolsistas de Inicia\u00e7\u00e3o Cient\u00edfica ou Extens\u00e3o e Tecnol\u00f3gica orientados por docentes do DeCE - Departamento Ci\u00eancias Econ\u00f4micas","isPartOf":{"@id":"https:\/\/departamentos.ufrrj.br\/dce\/#website"},"datePublished":"2026-03-19T22:38:48+00:00","dateModified":"2026-03-19T22:38:49+00:00","breadcrumb":{"@id":"https:\/\/departamentos.ufrrj.br\/dce\/bolsistas-de-iniciacao-cientifica-ou-extensao-e-tecnologica-orientados-por-docentes-do-dece\/#breadcrumb"},"inLanguage":"pt-BR","potentialAction":[{"@type":"ReadAction","target":["https:\/\/departamentos.ufrrj.br\/dce\/bolsistas-de-iniciacao-cientifica-ou-extensao-e-tecnologica-orientados-por-docentes-do-dece\/"]}]},{"@type":"BreadcrumbList","@id":"https:\/\/departamentos.ufrrj.br\/dce\/bolsistas-de-iniciacao-cientifica-ou-extensao-e-tecnologica-orientados-por-docentes-do-dece\/#breadcrumb","itemListElement":[{"@type":"ListItem","position":1,"name":"In\u00edcio","item":"https:\/\/departamentos.ufrrj.br\/dce\/"},{"@type":"ListItem","position":2,"name":"Bolsistas de Inicia\u00e7\u00e3o Cient\u00edfica ou Extens\u00e3o e Tecnol\u00f3gica orientados por docentes do DeCE"}]},{"@type":"WebSite","@id":"https:\/\/departamentos.ufrrj.br\/dce\/#website","url":"https:\/\/departamentos.ufrrj.br\/dce\/","name":"Departamento Ci\u00eancias Econ\u00f4micas","description":"","potentialAction":[{"@type":"SearchAction","target":{"@type":"EntryPoint","urlTemplate":"https:\/\/departamentos.ufrrj.br\/dce\/?s={search_term_string}"},"query-input":{"@type":"PropertyValueSpecification","valueRequired":true,"valueName":"search_term_string"}}],"inLanguage":"pt-BR"}]}},"_links":{"self":[{"href":"https:\/\/departamentos.ufrrj.br\/dce\/wp-json\/wp\/v2\/pages\/699"}],"collection":[{"href":"https:\/\/departamentos.ufrrj.br\/dce\/wp-json\/wp\/v2\/pages"}],"about":[{"href":"https:\/\/departamentos.ufrrj.br\/dce\/wp-json\/wp\/v2\/types\/page"}],"author":[{"embeddable":true,"href":"https:\/\/departamentos.ufrrj.br\/dce\/wp-json\/wp\/v2\/users\/3"}],"replies":[{"embeddable":true,"href":"https:\/\/departamentos.ufrrj.br\/dce\/wp-json\/wp\/v2\/comments?post=699"}],"version-history":[{"count":1,"href":"https:\/\/departamentos.ufrrj.br\/dce\/wp-json\/wp\/v2\/pages\/699\/revisions"}],"predecessor-version":[{"id":700,"href":"https:\/\/departamentos.ufrrj.br\/dce\/wp-json\/wp\/v2\/pages\/699\/revisions\/700"}],"wp:attachment":[{"href":"https:\/\/departamentos.ufrrj.br\/dce\/wp-json\/wp\/v2\/media?parent=699"}],"curies":[{"name":"wp","href":"https:\/\/api.w.org\/{rel}","templated":true}]}}