{"id":626,"date":"2025-03-18T13:53:55","date_gmt":"2025-03-18T16:53:55","guid":{"rendered":"https:\/\/departamentos.ufrrj.br\/del\/?page_id=626"},"modified":"2025-05-21T14:09:58","modified_gmt":"2025-05-21T17:09:58","slug":"projeto-rainhas-da-baixada","status":"publish","type":"page","link":"https:\/\/departamentos.ufrrj.br\/del\/projeto-rainhas-da-baixada\/","title":{"rendered":"Projeto Rainhas da Baixada"},"content":{"rendered":"<div class=\"wp-block-image\">\n<figure class=\"aligncenter size-full\"><img loading=\"lazy\" decoding=\"async\" width=\"150\" height=\"150\" src=\"https:\/\/departamentos.ufrrj.br\/del\/wp-content\/uploads\/sites\/5\/2025\/03\/Design-sem-nome-2-150x150-1.jpg\" alt=\"Rainhas da baixada\" class=\"wp-image-610\" srcset=\"https:\/\/departamentos.ufrrj.br\/del\/wp-content\/uploads\/sites\/5\/2025\/03\/Design-sem-nome-2-150x150-1.jpg 150w, https:\/\/departamentos.ufrrj.br\/del\/wp-content\/uploads\/sites\/5\/2025\/03\/Design-sem-nome-2-150x150-1-70x70.jpg 70w\" sizes=\"(max-width: 150px) 100vw, 150px\" \/><\/figure><\/div>\n\n\n<p><\/p>\n\n\n\n<p>O projeto \u201cRainha das Baixadas\u201d \u00e9 uma iniciativa dedicada ao desenvolvimento do futebol feminino, preferencialmente destinado a mulheres negras, da Baixada Fluminense. Seu prop\u00f3sito central \u00e9 promover a inclus\u00e3o, o empoderamento e a visibilidade dessas mulheres no cen\u00e1rio esportivo, oferecendo oportunidades de treinamento, competi\u00e7\u00e3o e apoio para o desenvolvimento de habilidades esportivas e pessoais. Al\u00e9m disso, o projeto busca combater desigualdades, estere\u00f3tipos e barreiras de acesso ao esporte, valorizando a diversidade e promovendo a igualdade de oportunidades no futebol.<\/p>\n\n\n\n<p>O projeto tem como o seu principal objetivo promover a democratiza\u00e7\u00e3o do acesso e oportunidades na pr\u00e1tica do futebol ao p\u00fablico feminino, especificamente da regi\u00e3o da Baixada Fluminense. O projeto visa proporcionar um ambiente inclusivo, educativo e de apoio m\u00fatuo, onde as participantes do projeto \u201cRainhas da Baixada\u201d possam n\u00e3o apenas desenvolver suas habilidades esportivas, mas tamb\u00e9m fortalecer sua autoestima, adquirir conhecimentos relevantes e se empoderar como mulheres.<\/p>\n\n\n\n<p>A equipe executora, composta majoritariamente por mulheres, estar\u00e1 preparada para oferecer suporte integral \u00e0s participantes, garantindo assim o sucesso e o impacto positivo. Aumento da Participa\u00e7\u00e3o Feminina no Esporte, promovendo assim a inclus\u00e3o e a democratiza\u00e7\u00e3o do acesso a essa modalidade esportiva. Fortalecimento da Autoestima e Empoderamento, al\u00e9m da Melhoria da Sa\u00fade F\u00edsica e Mental, promovendo bem-estar e qualidade de vida. O Projeto \u201cRainhas da Baixada\u201d ao promover a inclus\u00e3o, o empoderamento e a seguran\u00e7a das mulheres na Baixada Fluminense, o projeto n\u00e3o apenas responde a uma necessidade urgente, mas tamb\u00e9m contribui para a constru\u00e7\u00e3o de uma sociedade mais justa e igualit\u00e1ria.<\/p>\n\n\n\n<figure class=\"wp-block-image size-large\"><img loading=\"lazy\" decoding=\"async\" width=\"1024\" height=\"988\" src=\"https:\/\/departamentos.ufrrj.br\/del\/wp-content\/uploads\/sites\/5\/2025\/05\/rainhas-baixada-crop-1-1024x988.png\" alt=\"\" class=\"wp-image-738\" srcset=\"https:\/\/departamentos.ufrrj.br\/del\/wp-content\/uploads\/sites\/5\/2025\/05\/rainhas-baixada-crop-1-1024x988.png 1024w, https:\/\/departamentos.ufrrj.br\/del\/wp-content\/uploads\/sites\/5\/2025\/05\/rainhas-baixada-crop-1-300x290.png 300w, https:\/\/departamentos.ufrrj.br\/del\/wp-content\/uploads\/sites\/5\/2025\/05\/rainhas-baixada-crop-1-768x741.png 768w, https:\/\/departamentos.ufrrj.br\/del\/wp-content\/uploads\/sites\/5\/2025\/05\/rainhas-baixada-crop-1-1536x1482.png 1536w, https:\/\/departamentos.ufrrj.br\/del\/wp-content\/uploads\/sites\/5\/2025\/05\/rainhas-baixada-crop-1-2048x1977.png 2048w, https:\/\/departamentos.ufrrj.br\/del\/wp-content\/uploads\/sites\/5\/2025\/05\/rainhas-baixada-crop-1-73x70.png 73w\" sizes=\"(max-width: 1024px) 100vw, 1024px\" \/><\/figure>\n\n\n\n<p><i class=\"fab fa-instagram\"><\/i> <a href=\"https:\/\/www.instagram.com\/projetorainhasdabaixada\/\" target=\"_blank\" rel=\"noopener\"><strong> Instragram<\/strong><\/a><\/p>\n\n\n\n<p><\/p>\n","protected":false},"excerpt":{"rendered":"<p>O projeto \u201cRainha das Baixadas\u201d \u00e9 uma iniciativa dedicada ao desenvolvimento do futebol feminino, preferencialmente destinado a mulheres negras, da Baixada Fluminense. [&hellip;]<\/p>\n","protected":false},"author":1,"featured_media":0,"parent":0,"menu_order":0,"comment_status":"closed","ping_status":"closed","template":"","meta":{"_acf_changed":false,"footnotes":""},"class_list":["post-626","page","type-page","status-publish","hentry"],"acf":[],"yoast_head":"<!-- This site is optimized with the Yoast SEO plugin v23.4 - https:\/\/yoast.com\/wordpress\/plugins\/seo\/ -->\n<title>Projeto Rainhas da Baixada - Departamento de Esportes e Lazer<\/title>\n<meta name=\"robots\" content=\"index, follow, max-snippet:-1, max-image-preview:large, max-video-preview:-1\" \/>\n<link rel=\"canonical\" href=\"https:\/\/departamentos.ufrrj.br\/del\/projeto-rainhas-da-baixada\/\" \/>\n<meta property=\"og:locale\" content=\"pt_BR\" \/>\n<meta property=\"og:type\" content=\"article\" \/>\n<meta property=\"og:title\" content=\"Projeto Rainhas da Baixada - Departamento de Esportes e Lazer\" \/>\n<meta property=\"og:description\" content=\"O projeto \u201cRainha das Baixadas\u201d \u00e9 uma iniciativa dedicada ao desenvolvimento do futebol feminino, preferencialmente destinado a mulheres negras, da Baixada Fluminense. [&hellip;]\" \/>\n<meta property=\"og:url\" content=\"https:\/\/departamentos.ufrrj.br\/del\/projeto-rainhas-da-baixada\/\" \/>\n<meta property=\"og:site_name\" content=\"Departamento de Esportes e Lazer\" \/>\n<meta property=\"article:modified_time\" content=\"2025-05-21T17:09:58+00:00\" \/>\n<meta property=\"og:image\" content=\"https:\/\/departamentos.ufrrj.br\/del\/wp-content\/uploads\/sites\/5\/2025\/03\/Design-sem-nome-2-150x150-1.jpg\" \/>\n<meta name=\"twitter:card\" content=\"summary_large_image\" \/>\n<meta name=\"twitter:label1\" content=\"Est. tempo de leitura\" \/>\n\t<meta name=\"twitter:data1\" content=\"2 minutos\" \/>\n<script type=\"application\/ld+json\" class=\"yoast-schema-graph\">{\"@context\":\"https:\/\/schema.org\",\"@graph\":[{\"@type\":\"WebPage\",\"@id\":\"https:\/\/departamentos.ufrrj.br\/del\/projeto-rainhas-da-baixada\/\",\"url\":\"https:\/\/departamentos.ufrrj.br\/del\/projeto-rainhas-da-baixada\/\",\"name\":\"Projeto Rainhas da Baixada - Departamento de Esportes e Lazer\",\"isPartOf\":{\"@id\":\"https:\/\/departamentos.ufrrj.br\/del\/#website\"},\"primaryImageOfPage\":{\"@id\":\"https:\/\/departamentos.ufrrj.br\/del\/projeto-rainhas-da-baixada\/#primaryimage\"},\"image\":{\"@id\":\"https:\/\/departamentos.ufrrj.br\/del\/projeto-rainhas-da-baixada\/#primaryimage\"},\"thumbnailUrl\":\"https:\/\/departamentos.ufrrj.br\/del\/wp-content\/uploads\/sites\/5\/2025\/03\/Design-sem-nome-2-150x150-1.jpg\",\"datePublished\":\"2025-03-18T16:53:55+00:00\",\"dateModified\":\"2025-05-21T17:09:58+00:00\",\"breadcrumb\":{\"@id\":\"https:\/\/departamentos.ufrrj.br\/del\/projeto-rainhas-da-baixada\/#breadcrumb\"},\"inLanguage\":\"pt-BR\",\"potentialAction\":[{\"@type\":\"ReadAction\",\"target\":[\"https:\/\/departamentos.ufrrj.br\/del\/projeto-rainhas-da-baixada\/\"]}]},{\"@type\":\"ImageObject\",\"inLanguage\":\"pt-BR\",\"@id\":\"https:\/\/departamentos.ufrrj.br\/del\/projeto-rainhas-da-baixada\/#primaryimage\",\"url\":\"https:\/\/departamentos.ufrrj.br\/del\/wp-content\/uploads\/sites\/5\/2025\/03\/Design-sem-nome-2-150x150-1.jpg\",\"contentUrl\":\"https:\/\/departamentos.ufrrj.br\/del\/wp-content\/uploads\/sites\/5\/2025\/03\/Design-sem-nome-2-150x150-1.jpg\",\"width\":150,\"height\":150,\"caption\":\"Rainhas da baixada\"},{\"@type\":\"BreadcrumbList\",\"@id\":\"https:\/\/departamentos.ufrrj.br\/del\/projeto-rainhas-da-baixada\/#breadcrumb\",\"itemListElement\":[{\"@type\":\"ListItem\",\"position\":1,\"name\":\"In\u00edcio\",\"item\":\"https:\/\/departamentos.ufrrj.br\/del\/\"},{\"@type\":\"ListItem\",\"position\":2,\"name\":\"Projeto Rainhas da Baixada\"}]},{\"@type\":\"WebSite\",\"@id\":\"https:\/\/departamentos.ufrrj.br\/del\/#website\",\"url\":\"https:\/\/departamentos.ufrrj.br\/del\/\",\"name\":\"Departamento Ci\u00eancias Econ\u00f4micas\",\"description\":\"\",\"publisher\":{\"@id\":\"https:\/\/departamentos.ufrrj.br\/del\/#organization\"},\"potentialAction\":[{\"@type\":\"SearchAction\",\"target\":{\"@type\":\"EntryPoint\",\"urlTemplate\":\"https:\/\/departamentos.ufrrj.br\/del\/?s={search_term_string}\"},\"query-input\":{\"@type\":\"PropertyValueSpecification\",\"valueRequired\":true,\"valueName\":\"search_term_string\"}}],\"inLanguage\":\"pt-BR\"},{\"@type\":\"Organization\",\"@id\":\"https:\/\/departamentos.ufrrj.br\/del\/#organization\",\"name\":\"Departamento Ci\u00eancias Econ\u00f4micas\",\"url\":\"https:\/\/departamentos.ufrrj.br\/del\/\",\"logo\":{\"@type\":\"ImageObject\",\"inLanguage\":\"pt-BR\",\"@id\":\"https:\/\/departamentos.ufrrj.br\/del\/#\/schema\/logo\/image\/\",\"url\":\"https:\/\/departamentos.ufrrj.br\/del\/wp-content\/uploads\/sites\/5\/2025\/03\/Design-sem-nome-4-150x150-1.jpg\",\"contentUrl\":\"https:\/\/departamentos.ufrrj.br\/del\/wp-content\/uploads\/sites\/5\/2025\/03\/Design-sem-nome-4-150x150-1.jpg\",\"width\":150,\"height\":150,\"caption\":\"Departamento Ci\u00eancias Econ\u00f4micas\"},\"image\":{\"@id\":\"https:\/\/departamentos.ufrrj.br\/del\/#\/schema\/logo\/image\/\"},\"sameAs\":[\"https:\/\/www.instagram.com\/del.ufrrj\/\"]}]}<\/script>\n<!-- \/ Yoast SEO plugin. -->","yoast_head_json":{"title":"Projeto Rainhas da Baixada - Departamento de Esportes e Lazer","robots":{"index":"index","follow":"follow","max-snippet":"max-snippet:-1","max-image-preview":"max-image-preview:large","max-video-preview":"max-video-preview:-1"},"canonical":"https:\/\/departamentos.ufrrj.br\/del\/projeto-rainhas-da-baixada\/","og_locale":"pt_BR","og_type":"article","og_title":"Projeto Rainhas da Baixada - Departamento de Esportes e Lazer","og_description":"O projeto \u201cRainha das Baixadas\u201d \u00e9 uma iniciativa dedicada ao desenvolvimento do futebol feminino, preferencialmente destinado a mulheres negras, da Baixada Fluminense. [&hellip;]","og_url":"https:\/\/departamentos.ufrrj.br\/del\/projeto-rainhas-da-baixada\/","og_site_name":"Departamento de Esportes e Lazer","article_modified_time":"2025-05-21T17:09:58+00:00","og_image":[{"url":"https:\/\/departamentos.ufrrj.br\/del\/wp-content\/uploads\/sites\/5\/2025\/03\/Design-sem-nome-2-150x150-1.jpg"}],"twitter_card":"summary_large_image","twitter_misc":{"Est. tempo de leitura":"2 minutos"},"schema":{"@context":"https:\/\/schema.org","@graph":[{"@type":"WebPage","@id":"https:\/\/departamentos.ufrrj.br\/del\/projeto-rainhas-da-baixada\/","url":"https:\/\/departamentos.ufrrj.br\/del\/projeto-rainhas-da-baixada\/","name":"Projeto Rainhas da Baixada - Departamento de Esportes e Lazer","isPartOf":{"@id":"https:\/\/departamentos.ufrrj.br\/del\/#website"},"primaryImageOfPage":{"@id":"https:\/\/departamentos.ufrrj.br\/del\/projeto-rainhas-da-baixada\/#primaryimage"},"image":{"@id":"https:\/\/departamentos.ufrrj.br\/del\/projeto-rainhas-da-baixada\/#primaryimage"},"thumbnailUrl":"https:\/\/departamentos.ufrrj.br\/del\/wp-content\/uploads\/sites\/5\/2025\/03\/Design-sem-nome-2-150x150-1.jpg","datePublished":"2025-03-18T16:53:55+00:00","dateModified":"2025-05-21T17:09:58+00:00","breadcrumb":{"@id":"https:\/\/departamentos.ufrrj.br\/del\/projeto-rainhas-da-baixada\/#breadcrumb"},"inLanguage":"pt-BR","potentialAction":[{"@type":"ReadAction","target":["https:\/\/departamentos.ufrrj.br\/del\/projeto-rainhas-da-baixada\/"]}]},{"@type":"ImageObject","inLanguage":"pt-BR","@id":"https:\/\/departamentos.ufrrj.br\/del\/projeto-rainhas-da-baixada\/#primaryimage","url":"https:\/\/departamentos.ufrrj.br\/del\/wp-content\/uploads\/sites\/5\/2025\/03\/Design-sem-nome-2-150x150-1.jpg","contentUrl":"https:\/\/departamentos.ufrrj.br\/del\/wp-content\/uploads\/sites\/5\/2025\/03\/Design-sem-nome-2-150x150-1.jpg","width":150,"height":150,"caption":"Rainhas da baixada"},{"@type":"BreadcrumbList","@id":"https:\/\/departamentos.ufrrj.br\/del\/projeto-rainhas-da-baixada\/#breadcrumb","itemListElement":[{"@type":"ListItem","position":1,"name":"In\u00edcio","item":"https:\/\/departamentos.ufrrj.br\/del\/"},{"@type":"ListItem","position":2,"name":"Projeto Rainhas da Baixada"}]},{"@type":"WebSite","@id":"https:\/\/departamentos.ufrrj.br\/del\/#website","url":"https:\/\/departamentos.ufrrj.br\/del\/","name":"Departamento Ci\u00eancias Econ\u00f4micas","description":"","publisher":{"@id":"https:\/\/departamentos.ufrrj.br\/del\/#organization"},"potentialAction":[{"@type":"SearchAction","target":{"@type":"EntryPoint","urlTemplate":"https:\/\/departamentos.ufrrj.br\/del\/?s={search_term_string}"},"query-input":{"@type":"PropertyValueSpecification","valueRequired":true,"valueName":"search_term_string"}}],"inLanguage":"pt-BR"},{"@type":"Organization","@id":"https:\/\/departamentos.ufrrj.br\/del\/#organization","name":"Departamento Ci\u00eancias Econ\u00f4micas","url":"https:\/\/departamentos.ufrrj.br\/del\/","logo":{"@type":"ImageObject","inLanguage":"pt-BR","@id":"https:\/\/departamentos.ufrrj.br\/del\/#\/schema\/logo\/image\/","url":"https:\/\/departamentos.ufrrj.br\/del\/wp-content\/uploads\/sites\/5\/2025\/03\/Design-sem-nome-4-150x150-1.jpg","contentUrl":"https:\/\/departamentos.ufrrj.br\/del\/wp-content\/uploads\/sites\/5\/2025\/03\/Design-sem-nome-4-150x150-1.jpg","width":150,"height":150,"caption":"Departamento Ci\u00eancias Econ\u00f4micas"},"image":{"@id":"https:\/\/departamentos.ufrrj.br\/del\/#\/schema\/logo\/image\/"},"sameAs":["https:\/\/www.instagram.com\/del.ufrrj\/"]}]}},"_links":{"self":[{"href":"https:\/\/departamentos.ufrrj.br\/del\/wp-json\/wp\/v2\/pages\/626"}],"collection":[{"href":"https:\/\/departamentos.ufrrj.br\/del\/wp-json\/wp\/v2\/pages"}],"about":[{"href":"https:\/\/departamentos.ufrrj.br\/del\/wp-json\/wp\/v2\/types\/page"}],"author":[{"embeddable":true,"href":"https:\/\/departamentos.ufrrj.br\/del\/wp-json\/wp\/v2\/users\/1"}],"replies":[{"embeddable":true,"href":"https:\/\/departamentos.ufrrj.br\/del\/wp-json\/wp\/v2\/comments?post=626"}],"version-history":[{"count":6,"href":"https:\/\/departamentos.ufrrj.br\/del\/wp-json\/wp\/v2\/pages\/626\/revisions"}],"predecessor-version":[{"id":748,"href":"https:\/\/departamentos.ufrrj.br\/del\/wp-json\/wp\/v2\/pages\/626\/revisions\/748"}],"wp:attachment":[{"href":"https:\/\/departamentos.ufrrj.br\/del\/wp-json\/wp\/v2\/media?parent=626"}],"curies":[{"name":"wp","href":"https:\/\/api.w.org\/{rel}","templated":true}]}}