{"id":635,"date":"2025-03-18T13:59:12","date_gmt":"2025-03-18T16:59:12","guid":{"rendered":"https:\/\/departamentos.ufrrj.br\/del\/?page_id=635"},"modified":"2025-05-21T14:12:10","modified_gmt":"2025-05-21T17:12:10","slug":"projeto-preparando-o-futuro","status":"publish","type":"page","link":"https:\/\/departamentos.ufrrj.br\/del\/projeto-preparando-o-futuro\/","title":{"rendered":"Projeto Preparando o Futuro"},"content":{"rendered":"<div class=\"wp-block-image\">\n<figure class=\"aligncenter size-full\"><img loading=\"lazy\" decoding=\"async\" width=\"300\" height=\"169\" src=\"https:\/\/departamentos.ufrrj.br\/del\/wp-content\/uploads\/sites\/5\/2025\/03\/Logo_ESP-horizontal-300x169-1.jpg\" alt=\"Esporte Sem Parar 2\" class=\"wp-image-613\" srcset=\"https:\/\/departamentos.ufrrj.br\/del\/wp-content\/uploads\/sites\/5\/2025\/03\/Logo_ESP-horizontal-300x169-1.jpg 300w, https:\/\/departamentos.ufrrj.br\/del\/wp-content\/uploads\/sites\/5\/2025\/03\/Logo_ESP-horizontal-300x169-1-124x70.jpg 124w\" sizes=\"(max-width: 300px) 100vw, 300px\" \/><\/figure><\/div>\n\n\n<p><\/p>\n\n\n\n<p>O \u201cPreparando o Futuro\u201d \u00e9 um projeto que visa a promo\u00e7\u00e3o da sa\u00fade e inclus\u00e3o social atrav\u00e9s da pr\u00e1tica esportiva e do lazer. O projeto busca oferecer aos participantes oportunidades de acesso gratuito a pr\u00e1ticas corporais diversas, ampliando o arcabou\u00e7o de viv\u00eancias motoras e de lazer para uma parcela negligenciada da popula\u00e7\u00e3o. O principal objetivo do projeto \u00e9 democratizar o acesso ao esporte e lazer, proporcionando oportunidades de desenvolvimento f\u00edsico, mental e social para o cidad\u00e3o. Al\u00e9m disso, o projeto visa contribuir para a constru\u00e7\u00e3o de uma cultura inclus\u00e3o e de h\u00e1bitos saud\u00e1veis entre os participantes.<\/p>\n\n\n\n<p>Ser\u00e3o implantados 30 n\u00facleos esportivos em diversas comunidades, cada um com capacidade para atender at\u00e9 100 crian\u00e7as e adolescentes. As atividades esportivas e educativas ser\u00e3o adaptadas \u00e0s necessidades de cada faixa et\u00e1ria, com foco no desenvolvimento integral dos participantes. Espera-se que o projeto melhore a qualidade de vida dos participantes, aumentando sua participa\u00e7\u00e3o em atividades f\u00edsicas e promovendo uma maior integra\u00e7\u00e3o social. O projeto tamb\u00e9m visa impactar positivamente a comunidade, incentivando a ado\u00e7\u00e3o de pr\u00e1ticas saud\u00e1veis e o fortalecimento dos la\u00e7os sociais.<\/p>\n\n\n\n<p>O Projeto Preparando o Futuro \u00e9 uma iniciativa que desempenha um papel fundamental na forma\u00e7\u00e3o de crian\u00e7as e adolescentes, preparando-os para enfrentar os desafios do futuro com habilidades e compet\u00eancias adquiridas atrav\u00e9s do esporte. Ao democratizar o acesso a pr\u00e1ticas esportivas e educativas, o projeto n\u00e3o s\u00f3 melhora a sa\u00fade f\u00edsica e mental dos participantes, mas tamb\u00e9m promove a coes\u00e3o social e o desenvolvimento comunit\u00e1rio. A continuidade deste projeto \u00e9 essencial para garantir que os jovens tenham as ferramentas necess\u00e1rias para construir um futuro mais promissor e sustent\u00e1vel.<\/p>\n\n\n\n<p><i class=\"fab fa-instagram\"><\/i> <a href=\"https:\/\/www.instagram.com\/previt.rural\/\" target=\"_blank\" rel=\"noopener\"><strong> Instragram<\/strong><\/a><\/p>\n","protected":false},"excerpt":{"rendered":"<p>O \u201cPreparando o Futuro\u201d \u00e9 um projeto que visa a promo\u00e7\u00e3o da sa\u00fade e inclus\u00e3o social atrav\u00e9s da pr\u00e1tica esportiva e do [&hellip;]<\/p>\n","protected":false},"author":1,"featured_media":613,"parent":0,"menu_order":0,"comment_status":"closed","ping_status":"closed","template":"","meta":{"_acf_changed":false,"footnotes":""},"class_list":["post-635","page","type-page","status-publish","has-post-thumbnail","hentry"],"acf":[],"yoast_head":"<!-- This site is optimized with the Yoast SEO plugin v23.4 - https:\/\/yoast.com\/wordpress\/plugins\/seo\/ -->\n<title>Projeto Preparando o Futuro - Departamento de Esportes e Lazer<\/title>\n<meta name=\"robots\" content=\"index, follow, max-snippet:-1, max-image-preview:large, max-video-preview:-1\" \/>\n<link rel=\"canonical\" href=\"https:\/\/departamentos.ufrrj.br\/del\/projeto-preparando-o-futuro\/\" \/>\n<meta property=\"og:locale\" content=\"pt_BR\" \/>\n<meta property=\"og:type\" content=\"article\" \/>\n<meta property=\"og:title\" content=\"Projeto Preparando o Futuro - Departamento de Esportes e Lazer\" \/>\n<meta property=\"og:description\" content=\"O \u201cPreparando o Futuro\u201d \u00e9 um projeto que visa a promo\u00e7\u00e3o da sa\u00fade e inclus\u00e3o social atrav\u00e9s da pr\u00e1tica esportiva e do [&hellip;]\" \/>\n<meta property=\"og:url\" content=\"https:\/\/departamentos.ufrrj.br\/del\/projeto-preparando-o-futuro\/\" \/>\n<meta property=\"og:site_name\" content=\"Departamento de Esportes e Lazer\" \/>\n<meta property=\"article:modified_time\" content=\"2025-05-21T17:12:10+00:00\" \/>\n<meta property=\"og:image\" content=\"https:\/\/departamentos.ufrrj.br\/del\/wp-content\/uploads\/sites\/5\/2025\/03\/Logo_ESP-horizontal-300x169-1.jpg\" \/>\n\t<meta property=\"og:image:width\" content=\"300\" \/>\n\t<meta property=\"og:image:height\" content=\"169\" \/>\n\t<meta property=\"og:image:type\" content=\"image\/jpeg\" \/>\n<meta name=\"twitter:card\" content=\"summary_large_image\" \/>\n<meta name=\"twitter:label1\" content=\"Est. tempo de leitura\" \/>\n\t<meta name=\"twitter:data1\" content=\"2 minutos\" \/>\n<script type=\"application\/ld+json\" class=\"yoast-schema-graph\">{\"@context\":\"https:\/\/schema.org\",\"@graph\":[{\"@type\":\"WebPage\",\"@id\":\"https:\/\/departamentos.ufrrj.br\/del\/projeto-preparando-o-futuro\/\",\"url\":\"https:\/\/departamentos.ufrrj.br\/del\/projeto-preparando-o-futuro\/\",\"name\":\"Projeto Preparando o Futuro - Departamento de Esportes e Lazer\",\"isPartOf\":{\"@id\":\"https:\/\/departamentos.ufrrj.br\/del\/#website\"},\"primaryImageOfPage\":{\"@id\":\"https:\/\/departamentos.ufrrj.br\/del\/projeto-preparando-o-futuro\/#primaryimage\"},\"image\":{\"@id\":\"https:\/\/departamentos.ufrrj.br\/del\/projeto-preparando-o-futuro\/#primaryimage\"},\"thumbnailUrl\":\"https:\/\/departamentos.ufrrj.br\/del\/wp-content\/uploads\/sites\/5\/2025\/03\/Logo_ESP-horizontal-300x169-1.jpg\",\"datePublished\":\"2025-03-18T16:59:12+00:00\",\"dateModified\":\"2025-05-21T17:12:10+00:00\",\"breadcrumb\":{\"@id\":\"https:\/\/departamentos.ufrrj.br\/del\/projeto-preparando-o-futuro\/#breadcrumb\"},\"inLanguage\":\"pt-BR\",\"potentialAction\":[{\"@type\":\"ReadAction\",\"target\":[\"https:\/\/departamentos.ufrrj.br\/del\/projeto-preparando-o-futuro\/\"]}]},{\"@type\":\"ImageObject\",\"inLanguage\":\"pt-BR\",\"@id\":\"https:\/\/departamentos.ufrrj.br\/del\/projeto-preparando-o-futuro\/#primaryimage\",\"url\":\"https:\/\/departamentos.ufrrj.br\/del\/wp-content\/uploads\/sites\/5\/2025\/03\/Logo_ESP-horizontal-300x169-1.jpg\",\"contentUrl\":\"https:\/\/departamentos.ufrrj.br\/del\/wp-content\/uploads\/sites\/5\/2025\/03\/Logo_ESP-horizontal-300x169-1.jpg\",\"width\":300,\"height\":169,\"caption\":\"Preparando o Futuro\"},{\"@type\":\"BreadcrumbList\",\"@id\":\"https:\/\/departamentos.ufrrj.br\/del\/projeto-preparando-o-futuro\/#breadcrumb\",\"itemListElement\":[{\"@type\":\"ListItem\",\"position\":1,\"name\":\"In\u00edcio\",\"item\":\"https:\/\/departamentos.ufrrj.br\/del\/\"},{\"@type\":\"ListItem\",\"position\":2,\"name\":\"Projeto Preparando o Futuro\"}]},{\"@type\":\"WebSite\",\"@id\":\"https:\/\/departamentos.ufrrj.br\/del\/#website\",\"url\":\"https:\/\/departamentos.ufrrj.br\/del\/\",\"name\":\"Departamento Ci\u00eancias Econ\u00f4micas\",\"description\":\"\",\"publisher\":{\"@id\":\"https:\/\/departamentos.ufrrj.br\/del\/#organization\"},\"potentialAction\":[{\"@type\":\"SearchAction\",\"target\":{\"@type\":\"EntryPoint\",\"urlTemplate\":\"https:\/\/departamentos.ufrrj.br\/del\/?s={search_term_string}\"},\"query-input\":{\"@type\":\"PropertyValueSpecification\",\"valueRequired\":true,\"valueName\":\"search_term_string\"}}],\"inLanguage\":\"pt-BR\"},{\"@type\":\"Organization\",\"@id\":\"https:\/\/departamentos.ufrrj.br\/del\/#organization\",\"name\":\"Departamento Ci\u00eancias Econ\u00f4micas\",\"url\":\"https:\/\/departamentos.ufrrj.br\/del\/\",\"logo\":{\"@type\":\"ImageObject\",\"inLanguage\":\"pt-BR\",\"@id\":\"https:\/\/departamentos.ufrrj.br\/del\/#\/schema\/logo\/image\/\",\"url\":\"https:\/\/departamentos.ufrrj.br\/del\/wp-content\/uploads\/sites\/5\/2025\/03\/Design-sem-nome-4-150x150-1.jpg\",\"contentUrl\":\"https:\/\/departamentos.ufrrj.br\/del\/wp-content\/uploads\/sites\/5\/2025\/03\/Design-sem-nome-4-150x150-1.jpg\",\"width\":150,\"height\":150,\"caption\":\"Departamento Ci\u00eancias Econ\u00f4micas\"},\"image\":{\"@id\":\"https:\/\/departamentos.ufrrj.br\/del\/#\/schema\/logo\/image\/\"},\"sameAs\":[\"https:\/\/www.instagram.com\/del.ufrrj\/\"]}]}<\/script>\n<!-- \/ Yoast SEO plugin. -->","yoast_head_json":{"title":"Projeto Preparando o Futuro - Departamento de Esportes e Lazer","robots":{"index":"index","follow":"follow","max-snippet":"max-snippet:-1","max-image-preview":"max-image-preview:large","max-video-preview":"max-video-preview:-1"},"canonical":"https:\/\/departamentos.ufrrj.br\/del\/projeto-preparando-o-futuro\/","og_locale":"pt_BR","og_type":"article","og_title":"Projeto Preparando o Futuro - Departamento de Esportes e Lazer","og_description":"O \u201cPreparando o Futuro\u201d \u00e9 um projeto que visa a promo\u00e7\u00e3o da sa\u00fade e inclus\u00e3o social atrav\u00e9s da pr\u00e1tica esportiva e do [&hellip;]","og_url":"https:\/\/departamentos.ufrrj.br\/del\/projeto-preparando-o-futuro\/","og_site_name":"Departamento de Esportes e Lazer","article_modified_time":"2025-05-21T17:12:10+00:00","og_image":[{"width":300,"height":169,"url":"https:\/\/departamentos.ufrrj.br\/del\/wp-content\/uploads\/sites\/5\/2025\/03\/Logo_ESP-horizontal-300x169-1.jpg","type":"image\/jpeg"}],"twitter_card":"summary_large_image","twitter_misc":{"Est. tempo de leitura":"2 minutos"},"schema":{"@context":"https:\/\/schema.org","@graph":[{"@type":"WebPage","@id":"https:\/\/departamentos.ufrrj.br\/del\/projeto-preparando-o-futuro\/","url":"https:\/\/departamentos.ufrrj.br\/del\/projeto-preparando-o-futuro\/","name":"Projeto Preparando o Futuro - Departamento de Esportes e Lazer","isPartOf":{"@id":"https:\/\/departamentos.ufrrj.br\/del\/#website"},"primaryImageOfPage":{"@id":"https:\/\/departamentos.ufrrj.br\/del\/projeto-preparando-o-futuro\/#primaryimage"},"image":{"@id":"https:\/\/departamentos.ufrrj.br\/del\/projeto-preparando-o-futuro\/#primaryimage"},"thumbnailUrl":"https:\/\/departamentos.ufrrj.br\/del\/wp-content\/uploads\/sites\/5\/2025\/03\/Logo_ESP-horizontal-300x169-1.jpg","datePublished":"2025-03-18T16:59:12+00:00","dateModified":"2025-05-21T17:12:10+00:00","breadcrumb":{"@id":"https:\/\/departamentos.ufrrj.br\/del\/projeto-preparando-o-futuro\/#breadcrumb"},"inLanguage":"pt-BR","potentialAction":[{"@type":"ReadAction","target":["https:\/\/departamentos.ufrrj.br\/del\/projeto-preparando-o-futuro\/"]}]},{"@type":"ImageObject","inLanguage":"pt-BR","@id":"https:\/\/departamentos.ufrrj.br\/del\/projeto-preparando-o-futuro\/#primaryimage","url":"https:\/\/departamentos.ufrrj.br\/del\/wp-content\/uploads\/sites\/5\/2025\/03\/Logo_ESP-horizontal-300x169-1.jpg","contentUrl":"https:\/\/departamentos.ufrrj.br\/del\/wp-content\/uploads\/sites\/5\/2025\/03\/Logo_ESP-horizontal-300x169-1.jpg","width":300,"height":169,"caption":"Preparando o Futuro"},{"@type":"BreadcrumbList","@id":"https:\/\/departamentos.ufrrj.br\/del\/projeto-preparando-o-futuro\/#breadcrumb","itemListElement":[{"@type":"ListItem","position":1,"name":"In\u00edcio","item":"https:\/\/departamentos.ufrrj.br\/del\/"},{"@type":"ListItem","position":2,"name":"Projeto Preparando o Futuro"}]},{"@type":"WebSite","@id":"https:\/\/departamentos.ufrrj.br\/del\/#website","url":"https:\/\/departamentos.ufrrj.br\/del\/","name":"Departamento Ci\u00eancias Econ\u00f4micas","description":"","publisher":{"@id":"https:\/\/departamentos.ufrrj.br\/del\/#organization"},"potentialAction":[{"@type":"SearchAction","target":{"@type":"EntryPoint","urlTemplate":"https:\/\/departamentos.ufrrj.br\/del\/?s={search_term_string}"},"query-input":{"@type":"PropertyValueSpecification","valueRequired":true,"valueName":"search_term_string"}}],"inLanguage":"pt-BR"},{"@type":"Organization","@id":"https:\/\/departamentos.ufrrj.br\/del\/#organization","name":"Departamento Ci\u00eancias Econ\u00f4micas","url":"https:\/\/departamentos.ufrrj.br\/del\/","logo":{"@type":"ImageObject","inLanguage":"pt-BR","@id":"https:\/\/departamentos.ufrrj.br\/del\/#\/schema\/logo\/image\/","url":"https:\/\/departamentos.ufrrj.br\/del\/wp-content\/uploads\/sites\/5\/2025\/03\/Design-sem-nome-4-150x150-1.jpg","contentUrl":"https:\/\/departamentos.ufrrj.br\/del\/wp-content\/uploads\/sites\/5\/2025\/03\/Design-sem-nome-4-150x150-1.jpg","width":150,"height":150,"caption":"Departamento Ci\u00eancias Econ\u00f4micas"},"image":{"@id":"https:\/\/departamentos.ufrrj.br\/del\/#\/schema\/logo\/image\/"},"sameAs":["https:\/\/www.instagram.com\/del.ufrrj\/"]}]}},"_links":{"self":[{"href":"https:\/\/departamentos.ufrrj.br\/del\/wp-json\/wp\/v2\/pages\/635"}],"collection":[{"href":"https:\/\/departamentos.ufrrj.br\/del\/wp-json\/wp\/v2\/pages"}],"about":[{"href":"https:\/\/departamentos.ufrrj.br\/del\/wp-json\/wp\/v2\/types\/page"}],"author":[{"embeddable":true,"href":"https:\/\/departamentos.ufrrj.br\/del\/wp-json\/wp\/v2\/users\/1"}],"replies":[{"embeddable":true,"href":"https:\/\/departamentos.ufrrj.br\/del\/wp-json\/wp\/v2\/comments?post=635"}],"version-history":[{"count":3,"href":"https:\/\/departamentos.ufrrj.br\/del\/wp-json\/wp\/v2\/pages\/635\/revisions"}],"predecessor-version":[{"id":753,"href":"https:\/\/departamentos.ufrrj.br\/del\/wp-json\/wp\/v2\/pages\/635\/revisions\/753"}],"wp:featuredmedia":[{"embeddable":true,"href":"https:\/\/departamentos.ufrrj.br\/del\/wp-json\/wp\/v2\/media\/613"}],"wp:attachment":[{"href":"https:\/\/departamentos.ufrrj.br\/del\/wp-json\/wp\/v2\/media?parent=635"}],"curies":[{"name":"wp","href":"https:\/\/api.w.org\/{rel}","templated":true}]}}