{"id":639,"date":"2025-03-18T14:00:39","date_gmt":"2025-03-18T17:00:39","guid":{"rendered":"https:\/\/departamentos.ufrrj.br\/del\/?page_id=639"},"modified":"2025-05-21T14:11:23","modified_gmt":"2025-05-21T17:11:23","slug":"projeto-derrubando-muros-e-integrando-pessoas","status":"publish","type":"page","link":"https:\/\/departamentos.ufrrj.br\/del\/projeto-derrubando-muros-e-integrando-pessoas\/","title":{"rendered":"Projeto Derrubando Muros e Integrando Pessoas"},"content":{"rendered":"<div class=\"wp-block-image\">\n<figure class=\"aligncenter size-full\"><img loading=\"lazy\" decoding=\"async\" width=\"150\" height=\"150\" src=\"https:\/\/departamentos.ufrrj.br\/del\/wp-content\/uploads\/sites\/5\/2025\/03\/Design-sem-nome-3-150x150-1.jpg\" alt=\"Projeto Derrubando Muros e Integrando Pessoas\" class=\"wp-image-611\" srcset=\"https:\/\/departamentos.ufrrj.br\/del\/wp-content\/uploads\/sites\/5\/2025\/03\/Design-sem-nome-3-150x150-1.jpg 150w, https:\/\/departamentos.ufrrj.br\/del\/wp-content\/uploads\/sites\/5\/2025\/03\/Design-sem-nome-3-150x150-1-70x70.jpg 70w\" sizes=\"(max-width: 150px) 100vw, 150px\" \/><\/figure><\/div>\n\n\n<p>Este projeto visa promover a pr\u00e1tica esportiva e de lazer atrav\u00e9s das modalidades de Gin\u00e1stica Art\u00edstica e Flexibilidade, Gin\u00e1stica Art\u00edstica, Jud\u00f4 e Karat\u00ea, Recrea\u00e7\u00e3o e V\u00f4lei. O foco \u00e9 a forma\u00e7\u00e3o de crian\u00e7as e adolescentes, aliada \u00e0 oferta de atividades f\u00edsicas para seus respons\u00e1veis, buscando influenciar positivamente o comportamento de sa\u00fade da comunidade de Serop\u00e9dica. O objetivo principal \u00e9 melhorar a qualidade de vida dos participantes por meio da democratiza\u00e7\u00e3o ao acesso \u00e0s pr\u00e1ticas esportivas e de lazer, estabelecendo uma maior integra\u00e7\u00e3o entre a UFRRJ e a comunidade local.<\/p>\n\n\n\n<p>O projeto ser\u00e1 executado em duas fases, abrangendo atividades regulares no n\u00facleo esportivo de Serop\u00e9dica e atividades recreativas semanais na Pra\u00e7a de Desportos da UFRRJ. Ser\u00e3o selecionados bolsistas para apoiar a execu\u00e7\u00e3o das atividades, e a participa\u00e7\u00e3o nas modalidades ser\u00e1 limitada a duas por participante. Espera-se aumentar a pr\u00e1tica de atividades f\u00edsicas, promover o senso de pertencimento da comunidade \u00e0 UFRRJ, e fortalecer valores sociais entre os participantes. O projeto, em fase inicial de execu\u00e7\u00e3o, visa criar um impacto positivo na comunidade de Serop\u00e9dica, promovendo sa\u00fade e integra\u00e7\u00e3o social atrav\u00e9s do esporte e lazer.<\/p>\n\n\n\n<p><i class=\"fab fa-instagram\"><\/i> <a href=\"https:\/\/www.instagram.com\/projeto.derrubandomuros\/\" target=\"_blank\" rel=\"noopener\"><strong> Instragram<\/strong><\/a><\/p>\n","protected":false},"excerpt":{"rendered":"<p>Este projeto visa promover a pr\u00e1tica esportiva e de lazer atrav\u00e9s das modalidades de Gin\u00e1stica Art\u00edstica e Flexibilidade, Gin\u00e1stica Art\u00edstica, Jud\u00f4 e [&hellip;]<\/p>\n","protected":false},"author":1,"featured_media":0,"parent":0,"menu_order":0,"comment_status":"closed","ping_status":"closed","template":"","meta":{"_acf_changed":false,"footnotes":""},"class_list":["post-639","page","type-page","status-publish","hentry"],"acf":[],"yoast_head":"<!-- This site is optimized with the Yoast SEO plugin v23.4 - https:\/\/yoast.com\/wordpress\/plugins\/seo\/ -->\n<title>Projeto Derrubando Muros e Integrando Pessoas - Departamento de Esportes e Lazer<\/title>\n<meta name=\"robots\" content=\"index, follow, max-snippet:-1, max-image-preview:large, max-video-preview:-1\" \/>\n<link rel=\"canonical\" href=\"https:\/\/departamentos.ufrrj.br\/del\/projeto-derrubando-muros-e-integrando-pessoas\/\" \/>\n<meta property=\"og:locale\" content=\"pt_BR\" \/>\n<meta property=\"og:type\" content=\"article\" \/>\n<meta property=\"og:title\" content=\"Projeto Derrubando Muros e Integrando Pessoas - Departamento de Esportes e Lazer\" \/>\n<meta property=\"og:description\" content=\"Este projeto visa promover a pr\u00e1tica esportiva e de lazer atrav\u00e9s das modalidades de Gin\u00e1stica Art\u00edstica e Flexibilidade, Gin\u00e1stica Art\u00edstica, Jud\u00f4 e [&hellip;]\" \/>\n<meta property=\"og:url\" content=\"https:\/\/departamentos.ufrrj.br\/del\/projeto-derrubando-muros-e-integrando-pessoas\/\" \/>\n<meta property=\"og:site_name\" content=\"Departamento de Esportes e Lazer\" \/>\n<meta property=\"article:modified_time\" content=\"2025-05-21T17:11:23+00:00\" \/>\n<meta property=\"og:image\" content=\"https:\/\/departamentos.ufrrj.br\/del\/wp-content\/uploads\/sites\/5\/2025\/03\/Design-sem-nome-3-150x150-1.jpg\" \/>\n<meta name=\"twitter:card\" content=\"summary_large_image\" \/>\n<meta name=\"twitter:label1\" content=\"Est. tempo de leitura\" \/>\n\t<meta name=\"twitter:data1\" content=\"2 minutos\" \/>\n<script type=\"application\/ld+json\" class=\"yoast-schema-graph\">{\"@context\":\"https:\/\/schema.org\",\"@graph\":[{\"@type\":\"WebPage\",\"@id\":\"https:\/\/departamentos.ufrrj.br\/del\/projeto-derrubando-muros-e-integrando-pessoas\/\",\"url\":\"https:\/\/departamentos.ufrrj.br\/del\/projeto-derrubando-muros-e-integrando-pessoas\/\",\"name\":\"Projeto Derrubando Muros e Integrando Pessoas - Departamento de Esportes e Lazer\",\"isPartOf\":{\"@id\":\"https:\/\/departamentos.ufrrj.br\/del\/#website\"},\"primaryImageOfPage\":{\"@id\":\"https:\/\/departamentos.ufrrj.br\/del\/projeto-derrubando-muros-e-integrando-pessoas\/#primaryimage\"},\"image\":{\"@id\":\"https:\/\/departamentos.ufrrj.br\/del\/projeto-derrubando-muros-e-integrando-pessoas\/#primaryimage\"},\"thumbnailUrl\":\"https:\/\/departamentos.ufrrj.br\/del\/wp-content\/uploads\/sites\/5\/2025\/03\/Design-sem-nome-3-150x150-1.jpg\",\"datePublished\":\"2025-03-18T17:00:39+00:00\",\"dateModified\":\"2025-05-21T17:11:23+00:00\",\"breadcrumb\":{\"@id\":\"https:\/\/departamentos.ufrrj.br\/del\/projeto-derrubando-muros-e-integrando-pessoas\/#breadcrumb\"},\"inLanguage\":\"pt-BR\",\"potentialAction\":[{\"@type\":\"ReadAction\",\"target\":[\"https:\/\/departamentos.ufrrj.br\/del\/projeto-derrubando-muros-e-integrando-pessoas\/\"]}]},{\"@type\":\"ImageObject\",\"inLanguage\":\"pt-BR\",\"@id\":\"https:\/\/departamentos.ufrrj.br\/del\/projeto-derrubando-muros-e-integrando-pessoas\/#primaryimage\",\"url\":\"https:\/\/departamentos.ufrrj.br\/del\/wp-content\/uploads\/sites\/5\/2025\/03\/Design-sem-nome-3-150x150-1.jpg\",\"contentUrl\":\"https:\/\/departamentos.ufrrj.br\/del\/wp-content\/uploads\/sites\/5\/2025\/03\/Design-sem-nome-3-150x150-1.jpg\",\"width\":150,\"height\":150,\"caption\":\"Projeto Derrubando Muros e Integrando Pessoas\"},{\"@type\":\"BreadcrumbList\",\"@id\":\"https:\/\/departamentos.ufrrj.br\/del\/projeto-derrubando-muros-e-integrando-pessoas\/#breadcrumb\",\"itemListElement\":[{\"@type\":\"ListItem\",\"position\":1,\"name\":\"In\u00edcio\",\"item\":\"https:\/\/departamentos.ufrrj.br\/del\/\"},{\"@type\":\"ListItem\",\"position\":2,\"name\":\"Projeto Derrubando Muros e Integrando Pessoas\"}]},{\"@type\":\"WebSite\",\"@id\":\"https:\/\/departamentos.ufrrj.br\/del\/#website\",\"url\":\"https:\/\/departamentos.ufrrj.br\/del\/\",\"name\":\"Departamento Ci\u00eancias Econ\u00f4micas\",\"description\":\"\",\"publisher\":{\"@id\":\"https:\/\/departamentos.ufrrj.br\/del\/#organization\"},\"potentialAction\":[{\"@type\":\"SearchAction\",\"target\":{\"@type\":\"EntryPoint\",\"urlTemplate\":\"https:\/\/departamentos.ufrrj.br\/del\/?s={search_term_string}\"},\"query-input\":{\"@type\":\"PropertyValueSpecification\",\"valueRequired\":true,\"valueName\":\"search_term_string\"}}],\"inLanguage\":\"pt-BR\"},{\"@type\":\"Organization\",\"@id\":\"https:\/\/departamentos.ufrrj.br\/del\/#organization\",\"name\":\"Departamento Ci\u00eancias Econ\u00f4micas\",\"url\":\"https:\/\/departamentos.ufrrj.br\/del\/\",\"logo\":{\"@type\":\"ImageObject\",\"inLanguage\":\"pt-BR\",\"@id\":\"https:\/\/departamentos.ufrrj.br\/del\/#\/schema\/logo\/image\/\",\"url\":\"https:\/\/departamentos.ufrrj.br\/del\/wp-content\/uploads\/sites\/5\/2025\/03\/Design-sem-nome-4-150x150-1.jpg\",\"contentUrl\":\"https:\/\/departamentos.ufrrj.br\/del\/wp-content\/uploads\/sites\/5\/2025\/03\/Design-sem-nome-4-150x150-1.jpg\",\"width\":150,\"height\":150,\"caption\":\"Departamento Ci\u00eancias Econ\u00f4micas\"},\"image\":{\"@id\":\"https:\/\/departamentos.ufrrj.br\/del\/#\/schema\/logo\/image\/\"},\"sameAs\":[\"https:\/\/www.instagram.com\/del.ufrrj\/\"]}]}<\/script>\n<!-- \/ Yoast SEO plugin. -->","yoast_head_json":{"title":"Projeto Derrubando Muros e Integrando Pessoas - Departamento de Esportes e Lazer","robots":{"index":"index","follow":"follow","max-snippet":"max-snippet:-1","max-image-preview":"max-image-preview:large","max-video-preview":"max-video-preview:-1"},"canonical":"https:\/\/departamentos.ufrrj.br\/del\/projeto-derrubando-muros-e-integrando-pessoas\/","og_locale":"pt_BR","og_type":"article","og_title":"Projeto Derrubando Muros e Integrando Pessoas - Departamento de Esportes e Lazer","og_description":"Este projeto visa promover a pr\u00e1tica esportiva e de lazer atrav\u00e9s das modalidades de Gin\u00e1stica Art\u00edstica e Flexibilidade, Gin\u00e1stica Art\u00edstica, Jud\u00f4 e [&hellip;]","og_url":"https:\/\/departamentos.ufrrj.br\/del\/projeto-derrubando-muros-e-integrando-pessoas\/","og_site_name":"Departamento de Esportes e Lazer","article_modified_time":"2025-05-21T17:11:23+00:00","og_image":[{"url":"https:\/\/departamentos.ufrrj.br\/del\/wp-content\/uploads\/sites\/5\/2025\/03\/Design-sem-nome-3-150x150-1.jpg"}],"twitter_card":"summary_large_image","twitter_misc":{"Est. tempo de leitura":"2 minutos"},"schema":{"@context":"https:\/\/schema.org","@graph":[{"@type":"WebPage","@id":"https:\/\/departamentos.ufrrj.br\/del\/projeto-derrubando-muros-e-integrando-pessoas\/","url":"https:\/\/departamentos.ufrrj.br\/del\/projeto-derrubando-muros-e-integrando-pessoas\/","name":"Projeto Derrubando Muros e Integrando Pessoas - Departamento de Esportes e Lazer","isPartOf":{"@id":"https:\/\/departamentos.ufrrj.br\/del\/#website"},"primaryImageOfPage":{"@id":"https:\/\/departamentos.ufrrj.br\/del\/projeto-derrubando-muros-e-integrando-pessoas\/#primaryimage"},"image":{"@id":"https:\/\/departamentos.ufrrj.br\/del\/projeto-derrubando-muros-e-integrando-pessoas\/#primaryimage"},"thumbnailUrl":"https:\/\/departamentos.ufrrj.br\/del\/wp-content\/uploads\/sites\/5\/2025\/03\/Design-sem-nome-3-150x150-1.jpg","datePublished":"2025-03-18T17:00:39+00:00","dateModified":"2025-05-21T17:11:23+00:00","breadcrumb":{"@id":"https:\/\/departamentos.ufrrj.br\/del\/projeto-derrubando-muros-e-integrando-pessoas\/#breadcrumb"},"inLanguage":"pt-BR","potentialAction":[{"@type":"ReadAction","target":["https:\/\/departamentos.ufrrj.br\/del\/projeto-derrubando-muros-e-integrando-pessoas\/"]}]},{"@type":"ImageObject","inLanguage":"pt-BR","@id":"https:\/\/departamentos.ufrrj.br\/del\/projeto-derrubando-muros-e-integrando-pessoas\/#primaryimage","url":"https:\/\/departamentos.ufrrj.br\/del\/wp-content\/uploads\/sites\/5\/2025\/03\/Design-sem-nome-3-150x150-1.jpg","contentUrl":"https:\/\/departamentos.ufrrj.br\/del\/wp-content\/uploads\/sites\/5\/2025\/03\/Design-sem-nome-3-150x150-1.jpg","width":150,"height":150,"caption":"Projeto Derrubando Muros e Integrando Pessoas"},{"@type":"BreadcrumbList","@id":"https:\/\/departamentos.ufrrj.br\/del\/projeto-derrubando-muros-e-integrando-pessoas\/#breadcrumb","itemListElement":[{"@type":"ListItem","position":1,"name":"In\u00edcio","item":"https:\/\/departamentos.ufrrj.br\/del\/"},{"@type":"ListItem","position":2,"name":"Projeto Derrubando Muros e Integrando Pessoas"}]},{"@type":"WebSite","@id":"https:\/\/departamentos.ufrrj.br\/del\/#website","url":"https:\/\/departamentos.ufrrj.br\/del\/","name":"Departamento Ci\u00eancias Econ\u00f4micas","description":"","publisher":{"@id":"https:\/\/departamentos.ufrrj.br\/del\/#organization"},"potentialAction":[{"@type":"SearchAction","target":{"@type":"EntryPoint","urlTemplate":"https:\/\/departamentos.ufrrj.br\/del\/?s={search_term_string}"},"query-input":{"@type":"PropertyValueSpecification","valueRequired":true,"valueName":"search_term_string"}}],"inLanguage":"pt-BR"},{"@type":"Organization","@id":"https:\/\/departamentos.ufrrj.br\/del\/#organization","name":"Departamento Ci\u00eancias Econ\u00f4micas","url":"https:\/\/departamentos.ufrrj.br\/del\/","logo":{"@type":"ImageObject","inLanguage":"pt-BR","@id":"https:\/\/departamentos.ufrrj.br\/del\/#\/schema\/logo\/image\/","url":"https:\/\/departamentos.ufrrj.br\/del\/wp-content\/uploads\/sites\/5\/2025\/03\/Design-sem-nome-4-150x150-1.jpg","contentUrl":"https:\/\/departamentos.ufrrj.br\/del\/wp-content\/uploads\/sites\/5\/2025\/03\/Design-sem-nome-4-150x150-1.jpg","width":150,"height":150,"caption":"Departamento Ci\u00eancias Econ\u00f4micas"},"image":{"@id":"https:\/\/departamentos.ufrrj.br\/del\/#\/schema\/logo\/image\/"},"sameAs":["https:\/\/www.instagram.com\/del.ufrrj\/"]}]}},"_links":{"self":[{"href":"https:\/\/departamentos.ufrrj.br\/del\/wp-json\/wp\/v2\/pages\/639"}],"collection":[{"href":"https:\/\/departamentos.ufrrj.br\/del\/wp-json\/wp\/v2\/pages"}],"about":[{"href":"https:\/\/departamentos.ufrrj.br\/del\/wp-json\/wp\/v2\/types\/page"}],"author":[{"embeddable":true,"href":"https:\/\/departamentos.ufrrj.br\/del\/wp-json\/wp\/v2\/users\/1"}],"replies":[{"embeddable":true,"href":"https:\/\/departamentos.ufrrj.br\/del\/wp-json\/wp\/v2\/comments?post=639"}],"version-history":[{"count":3,"href":"https:\/\/departamentos.ufrrj.br\/del\/wp-json\/wp\/v2\/pages\/639\/revisions"}],"predecessor-version":[{"id":751,"href":"https:\/\/departamentos.ufrrj.br\/del\/wp-json\/wp\/v2\/pages\/639\/revisions\/751"}],"wp:attachment":[{"href":"https:\/\/departamentos.ufrrj.br\/del\/wp-json\/wp\/v2\/media?parent=639"}],"curies":[{"name":"wp","href":"https:\/\/api.w.org\/{rel}","templated":true}]}}