{"id":768,"date":"2025-09-11T09:05:43","date_gmt":"2025-09-11T12:05:43","guid":{"rendered":"https:\/\/departamentos.ufrrj.br\/del\/?page_id=768"},"modified":"2025-09-11T15:14:49","modified_gmt":"2025-09-11T18:14:49","slug":"projeto-rio-em-movimento","status":"publish","type":"page","link":"https:\/\/departamentos.ufrrj.br\/del\/projeto-rio-em-movimento\/","title":{"rendered":"Projeto Rio em Movimento"},"content":{"rendered":"\n<figure class=\"wp-block-image size-full is-resized\"><img loading=\"lazy\" decoding=\"async\" width=\"657\" height=\"299\" src=\"https:\/\/departamentos.ufrrj.br\/del\/wp-content\/uploads\/sites\/5\/2025\/09\/Captura-de-tela-2025-09-11-090300-1.png\" alt=\"\" class=\"wp-image-782\" style=\"width:996px;height:auto\" srcset=\"https:\/\/departamentos.ufrrj.br\/del\/wp-content\/uploads\/sites\/5\/2025\/09\/Captura-de-tela-2025-09-11-090300-1.png 657w, https:\/\/departamentos.ufrrj.br\/del\/wp-content\/uploads\/sites\/5\/2025\/09\/Captura-de-tela-2025-09-11-090300-1-300x137.png 300w, https:\/\/departamentos.ufrrj.br\/del\/wp-content\/uploads\/sites\/5\/2025\/09\/Captura-de-tela-2025-09-11-090300-1-154x70.png 154w\" sizes=\"(max-width: 657px) 100vw, 657px\" \/><\/figure>\n\n\n\n<p>O <strong>Projeto Rio em Movimento<\/strong> \u00e9 uma iniciativa da Universidade Federal Rural do Rio de Janeiro (UFRRJ), por meio da Pr\u00f3-Reitoria de Extens\u00e3o, que busca promover o acesso \u00e0 pr\u00e1tica esportiva, \u00e0 atividade f\u00edsica e ao lazer em diferentes comunidades do estado do Rio de Janeiro. O projeto \u00e9 voltado para crian\u00e7as, adolescentes, jovens, adultos, idosos e pessoas com defici\u00eancia, com prioridade para popula\u00e7\u00f5es em situa\u00e7\u00e3o de vulnerabilidade social.<\/p>\n\n\n\n<p>Seu principal objetivo \u00e9 favorecer a integra\u00e7\u00e3o f\u00edsica, ps\u00edquica e social dos participantes, fortalecendo o exerc\u00edcio da cidadania e estimulando a inclus\u00e3o social por meio do esporte. Com atividades desenvolvidas em 40 n\u00facleos espalhados pelo estado, o projeto oferece modalidades esportivas e recreativas que funcionam como ferramentas de transforma\u00e7\u00e3o social, melhoria da qualidade de vida e fortalecimento dos la\u00e7os comunit\u00e1rios.<\/p>\n\n\n\n<p>A metodologia do projeto integra pr\u00e1ticas esportivas, lazer e acompanhamento social, visando n\u00e3o apenas ao bem-estar f\u00edsico, mas tamb\u00e9m ao desenvolvimento humano em sentido amplo. Os resultados esperados incluem a amplia\u00e7\u00e3o da participa\u00e7\u00e3o comunit\u00e1ria, a promo\u00e7\u00e3o da sa\u00fade, o fortalecimento da autoestima e a cria\u00e7\u00e3o de espa\u00e7os de conviv\u00eancia que contribuam para uma cultura de inclus\u00e3o, respeito e cidadania.<\/p>\n\n\n\n<p><\/p>\n","protected":false},"excerpt":{"rendered":"<p>O Projeto Rio em Movimento \u00e9 uma iniciativa da Universidade Federal Rural do Rio de Janeiro (UFRRJ), por meio da Pr\u00f3-Reitoria de [&hellip;]<\/p>\n","protected":false},"author":5,"featured_media":769,"parent":0,"menu_order":0,"comment_status":"closed","ping_status":"closed","template":"","meta":{"_acf_changed":false,"footnotes":""},"class_list":["post-768","page","type-page","status-publish","has-post-thumbnail","hentry"],"acf":[],"yoast_head":"<!-- This site is optimized with the Yoast SEO plugin v23.4 - https:\/\/yoast.com\/wordpress\/plugins\/seo\/ -->\n<title>Projeto Rio em Movimento - Departamento de Esportes e Lazer<\/title>\n<meta name=\"robots\" content=\"index, follow, max-snippet:-1, max-image-preview:large, max-video-preview:-1\" \/>\n<link rel=\"canonical\" href=\"https:\/\/departamentos.ufrrj.br\/del\/projeto-rio-em-movimento\/\" \/>\n<meta property=\"og:locale\" content=\"pt_BR\" \/>\n<meta property=\"og:type\" content=\"article\" \/>\n<meta property=\"og:title\" content=\"Projeto Rio em Movimento - Departamento de Esportes e Lazer\" \/>\n<meta property=\"og:description\" content=\"O Projeto Rio em Movimento \u00e9 uma iniciativa da Universidade Federal Rural do Rio de Janeiro (UFRRJ), por meio da Pr\u00f3-Reitoria de [&hellip;]\" \/>\n<meta property=\"og:url\" content=\"https:\/\/departamentos.ufrrj.br\/del\/projeto-rio-em-movimento\/\" \/>\n<meta property=\"og:site_name\" content=\"Departamento de Esportes e Lazer\" \/>\n<meta property=\"article:modified_time\" content=\"2025-09-11T18:14:49+00:00\" \/>\n<meta property=\"og:image\" content=\"https:\/\/departamentos.ufrrj.br\/del\/wp-content\/uploads\/sites\/5\/2025\/09\/Captura-de-tela-2025-09-11-090300.png\" \/>\n\t<meta property=\"og:image:width\" content=\"657\" \/>\n\t<meta property=\"og:image:height\" content=\"299\" \/>\n\t<meta property=\"og:image:type\" content=\"image\/png\" \/>\n<meta name=\"twitter:card\" content=\"summary_large_image\" \/>\n<meta name=\"twitter:label1\" content=\"Est. tempo de leitura\" \/>\n\t<meta name=\"twitter:data1\" content=\"2 minutos\" \/>\n<script type=\"application\/ld+json\" class=\"yoast-schema-graph\">{\"@context\":\"https:\/\/schema.org\",\"@graph\":[{\"@type\":\"WebPage\",\"@id\":\"https:\/\/departamentos.ufrrj.br\/del\/projeto-rio-em-movimento\/\",\"url\":\"https:\/\/departamentos.ufrrj.br\/del\/projeto-rio-em-movimento\/\",\"name\":\"Projeto Rio em Movimento - Departamento de Esportes e Lazer\",\"isPartOf\":{\"@id\":\"https:\/\/departamentos.ufrrj.br\/del\/#website\"},\"primaryImageOfPage\":{\"@id\":\"https:\/\/departamentos.ufrrj.br\/del\/projeto-rio-em-movimento\/#primaryimage\"},\"image\":{\"@id\":\"https:\/\/departamentos.ufrrj.br\/del\/projeto-rio-em-movimento\/#primaryimage\"},\"thumbnailUrl\":\"https:\/\/departamentos.ufrrj.br\/del\/wp-content\/uploads\/sites\/5\/2025\/09\/Captura-de-tela-2025-09-11-090300.png\",\"datePublished\":\"2025-09-11T12:05:43+00:00\",\"dateModified\":\"2025-09-11T18:14:49+00:00\",\"breadcrumb\":{\"@id\":\"https:\/\/departamentos.ufrrj.br\/del\/projeto-rio-em-movimento\/#breadcrumb\"},\"inLanguage\":\"pt-BR\",\"potentialAction\":[{\"@type\":\"ReadAction\",\"target\":[\"https:\/\/departamentos.ufrrj.br\/del\/projeto-rio-em-movimento\/\"]}]},{\"@type\":\"ImageObject\",\"inLanguage\":\"pt-BR\",\"@id\":\"https:\/\/departamentos.ufrrj.br\/del\/projeto-rio-em-movimento\/#primaryimage\",\"url\":\"https:\/\/departamentos.ufrrj.br\/del\/wp-content\/uploads\/sites\/5\/2025\/09\/Captura-de-tela-2025-09-11-090300.png\",\"contentUrl\":\"https:\/\/departamentos.ufrrj.br\/del\/wp-content\/uploads\/sites\/5\/2025\/09\/Captura-de-tela-2025-09-11-090300.png\",\"width\":657,\"height\":299},{\"@type\":\"BreadcrumbList\",\"@id\":\"https:\/\/departamentos.ufrrj.br\/del\/projeto-rio-em-movimento\/#breadcrumb\",\"itemListElement\":[{\"@type\":\"ListItem\",\"position\":1,\"name\":\"In\u00edcio\",\"item\":\"https:\/\/departamentos.ufrrj.br\/del\/\"},{\"@type\":\"ListItem\",\"position\":2,\"name\":\"Projeto Rio em Movimento\"}]},{\"@type\":\"WebSite\",\"@id\":\"https:\/\/departamentos.ufrrj.br\/del\/#website\",\"url\":\"https:\/\/departamentos.ufrrj.br\/del\/\",\"name\":\"Departamento Ci\u00eancias Econ\u00f4micas\",\"description\":\"\",\"publisher\":{\"@id\":\"https:\/\/departamentos.ufrrj.br\/del\/#organization\"},\"potentialAction\":[{\"@type\":\"SearchAction\",\"target\":{\"@type\":\"EntryPoint\",\"urlTemplate\":\"https:\/\/departamentos.ufrrj.br\/del\/?s={search_term_string}\"},\"query-input\":{\"@type\":\"PropertyValueSpecification\",\"valueRequired\":true,\"valueName\":\"search_term_string\"}}],\"inLanguage\":\"pt-BR\"},{\"@type\":\"Organization\",\"@id\":\"https:\/\/departamentos.ufrrj.br\/del\/#organization\",\"name\":\"Departamento Ci\u00eancias Econ\u00f4micas\",\"url\":\"https:\/\/departamentos.ufrrj.br\/del\/\",\"logo\":{\"@type\":\"ImageObject\",\"inLanguage\":\"pt-BR\",\"@id\":\"https:\/\/departamentos.ufrrj.br\/del\/#\/schema\/logo\/image\/\",\"url\":\"https:\/\/departamentos.ufrrj.br\/del\/wp-content\/uploads\/sites\/5\/2025\/03\/Design-sem-nome-4-150x150-1.jpg\",\"contentUrl\":\"https:\/\/departamentos.ufrrj.br\/del\/wp-content\/uploads\/sites\/5\/2025\/03\/Design-sem-nome-4-150x150-1.jpg\",\"width\":150,\"height\":150,\"caption\":\"Departamento Ci\u00eancias Econ\u00f4micas\"},\"image\":{\"@id\":\"https:\/\/departamentos.ufrrj.br\/del\/#\/schema\/logo\/image\/\"},\"sameAs\":[\"https:\/\/www.instagram.com\/del.ufrrj\/\"]}]}<\/script>\n<!-- \/ Yoast SEO plugin. -->","yoast_head_json":{"title":"Projeto Rio em Movimento - Departamento de Esportes e Lazer","robots":{"index":"index","follow":"follow","max-snippet":"max-snippet:-1","max-image-preview":"max-image-preview:large","max-video-preview":"max-video-preview:-1"},"canonical":"https:\/\/departamentos.ufrrj.br\/del\/projeto-rio-em-movimento\/","og_locale":"pt_BR","og_type":"article","og_title":"Projeto Rio em Movimento - Departamento de Esportes e Lazer","og_description":"O Projeto Rio em Movimento \u00e9 uma iniciativa da Universidade Federal Rural do Rio de Janeiro (UFRRJ), por meio da Pr\u00f3-Reitoria de [&hellip;]","og_url":"https:\/\/departamentos.ufrrj.br\/del\/projeto-rio-em-movimento\/","og_site_name":"Departamento de Esportes e Lazer","article_modified_time":"2025-09-11T18:14:49+00:00","og_image":[{"width":657,"height":299,"url":"https:\/\/departamentos.ufrrj.br\/del\/wp-content\/uploads\/sites\/5\/2025\/09\/Captura-de-tela-2025-09-11-090300.png","type":"image\/png"}],"twitter_card":"summary_large_image","twitter_misc":{"Est. tempo de leitura":"2 minutos"},"schema":{"@context":"https:\/\/schema.org","@graph":[{"@type":"WebPage","@id":"https:\/\/departamentos.ufrrj.br\/del\/projeto-rio-em-movimento\/","url":"https:\/\/departamentos.ufrrj.br\/del\/projeto-rio-em-movimento\/","name":"Projeto Rio em Movimento - Departamento de Esportes e Lazer","isPartOf":{"@id":"https:\/\/departamentos.ufrrj.br\/del\/#website"},"primaryImageOfPage":{"@id":"https:\/\/departamentos.ufrrj.br\/del\/projeto-rio-em-movimento\/#primaryimage"},"image":{"@id":"https:\/\/departamentos.ufrrj.br\/del\/projeto-rio-em-movimento\/#primaryimage"},"thumbnailUrl":"https:\/\/departamentos.ufrrj.br\/del\/wp-content\/uploads\/sites\/5\/2025\/09\/Captura-de-tela-2025-09-11-090300.png","datePublished":"2025-09-11T12:05:43+00:00","dateModified":"2025-09-11T18:14:49+00:00","breadcrumb":{"@id":"https:\/\/departamentos.ufrrj.br\/del\/projeto-rio-em-movimento\/#breadcrumb"},"inLanguage":"pt-BR","potentialAction":[{"@type":"ReadAction","target":["https:\/\/departamentos.ufrrj.br\/del\/projeto-rio-em-movimento\/"]}]},{"@type":"ImageObject","inLanguage":"pt-BR","@id":"https:\/\/departamentos.ufrrj.br\/del\/projeto-rio-em-movimento\/#primaryimage","url":"https:\/\/departamentos.ufrrj.br\/del\/wp-content\/uploads\/sites\/5\/2025\/09\/Captura-de-tela-2025-09-11-090300.png","contentUrl":"https:\/\/departamentos.ufrrj.br\/del\/wp-content\/uploads\/sites\/5\/2025\/09\/Captura-de-tela-2025-09-11-090300.png","width":657,"height":299},{"@type":"BreadcrumbList","@id":"https:\/\/departamentos.ufrrj.br\/del\/projeto-rio-em-movimento\/#breadcrumb","itemListElement":[{"@type":"ListItem","position":1,"name":"In\u00edcio","item":"https:\/\/departamentos.ufrrj.br\/del\/"},{"@type":"ListItem","position":2,"name":"Projeto Rio em Movimento"}]},{"@type":"WebSite","@id":"https:\/\/departamentos.ufrrj.br\/del\/#website","url":"https:\/\/departamentos.ufrrj.br\/del\/","name":"Departamento Ci\u00eancias Econ\u00f4micas","description":"","publisher":{"@id":"https:\/\/departamentos.ufrrj.br\/del\/#organization"},"potentialAction":[{"@type":"SearchAction","target":{"@type":"EntryPoint","urlTemplate":"https:\/\/departamentos.ufrrj.br\/del\/?s={search_term_string}"},"query-input":{"@type":"PropertyValueSpecification","valueRequired":true,"valueName":"search_term_string"}}],"inLanguage":"pt-BR"},{"@type":"Organization","@id":"https:\/\/departamentos.ufrrj.br\/del\/#organization","name":"Departamento Ci\u00eancias Econ\u00f4micas","url":"https:\/\/departamentos.ufrrj.br\/del\/","logo":{"@type":"ImageObject","inLanguage":"pt-BR","@id":"https:\/\/departamentos.ufrrj.br\/del\/#\/schema\/logo\/image\/","url":"https:\/\/departamentos.ufrrj.br\/del\/wp-content\/uploads\/sites\/5\/2025\/03\/Design-sem-nome-4-150x150-1.jpg","contentUrl":"https:\/\/departamentos.ufrrj.br\/del\/wp-content\/uploads\/sites\/5\/2025\/03\/Design-sem-nome-4-150x150-1.jpg","width":150,"height":150,"caption":"Departamento Ci\u00eancias Econ\u00f4micas"},"image":{"@id":"https:\/\/departamentos.ufrrj.br\/del\/#\/schema\/logo\/image\/"},"sameAs":["https:\/\/www.instagram.com\/del.ufrrj\/"]}]}},"_links":{"self":[{"href":"https:\/\/departamentos.ufrrj.br\/del\/wp-json\/wp\/v2\/pages\/768"}],"collection":[{"href":"https:\/\/departamentos.ufrrj.br\/del\/wp-json\/wp\/v2\/pages"}],"about":[{"href":"https:\/\/departamentos.ufrrj.br\/del\/wp-json\/wp\/v2\/types\/page"}],"author":[{"embeddable":true,"href":"https:\/\/departamentos.ufrrj.br\/del\/wp-json\/wp\/v2\/users\/5"}],"replies":[{"embeddable":true,"href":"https:\/\/departamentos.ufrrj.br\/del\/wp-json\/wp\/v2\/comments?post=768"}],"version-history":[{"count":4,"href":"https:\/\/departamentos.ufrrj.br\/del\/wp-json\/wp\/v2\/pages\/768\/revisions"}],"predecessor-version":[{"id":786,"href":"https:\/\/departamentos.ufrrj.br\/del\/wp-json\/wp\/v2\/pages\/768\/revisions\/786"}],"wp:featuredmedia":[{"embeddable":true,"href":"https:\/\/departamentos.ufrrj.br\/del\/wp-json\/wp\/v2\/media\/769"}],"wp:attachment":[{"href":"https:\/\/departamentos.ufrrj.br\/del\/wp-json\/wp\/v2\/media?parent=768"}],"curies":[{"name":"wp","href":"https:\/\/api.w.org\/{rel}","templated":true}]}}

<figure class="wp-block-image size-full is-resized"><img loading="lazy" decoding="async" width="657" height="299" src="https://departamentos.ufrrj.br/del/wp-content/uploads/sites/5/2025/09/Captura-de-tela-2025-09-11-090300-1.png" alt="" class="wp-image-782" style="width:996px;height:auto" srcset="https://departamentos.ufrrj.br/del/wp-content/uploads/sites/5/2025/09/Captura-de-tela-2025-09-11-090300-1.png 657w, https://departamentos.ufrrj.br/del/wp-content/uploads/sites/5/2025/09/Captura-de-tela-2025-09-11-090300-1-300x137.png 300w, https://departamentos.ufrrj.br/del/wp-content/uploads/sites/5/2025/09/Captura-de-tela-2025-09-11-090300-1-154x70.png 154w" sizes="(max-width: 657px) 100vw, 657px" /></figure>



<p>O <strong>Projeto Rio em Movimento</strong> é uma iniciativa da Universidade Federal Rural do Rio de Janeiro (UFRRJ), por meio da Pró-Reitoria de Extensão, que busca promover o acesso à prática esportiva, à atividade física e ao lazer em diferentes comunidades do estado do Rio de Janeiro. O projeto é voltado para crianças, adolescentes, jovens, adultos, idosos e pessoas com deficiência, com prioridade para populações em situação de vulnerabilidade social.</p>



<p>Seu principal objetivo é favorecer a integração física, psíquica e social dos participantes, fortalecendo o exercício da cidadania e estimulando a inclusão social por meio do esporte. Com atividades desenvolvidas em 40 núcleos espalhados pelo estado, o projeto oferece modalidades esportivas e recreativas que funcionam como ferramentas de transformação social, melhoria da qualidade de vida e fortalecimento dos laços comunitários.</p>



<p>A metodologia do projeto integra práticas esportivas, lazer e acompanhamento social, visando não apenas ao bem-estar físico, mas também ao desenvolvimento humano em sentido amplo. Os resultados esperados incluem a ampliação da participação comunitária, a promoção da saúde, o fortalecimento da autoestima e a criação de espaços de convivência que contribuam para uma cultura de inclusão, respeito e cidadania.</p>



<p></p>

<p>O Projeto Rio em Movimento é uma iniciativa da Universidade Federal Rural do Rio de Janeiro (UFRRJ), por meio da Pró-Reitoria de [&hellip;]</p>

<!-- This site is optimized with the Yoast SEO plugin v23.4 - https://yoast.com/wordpress/plugins/seo/ -->
<title>Projeto Rio em Movimento - Departamento de Esportes e Lazer</title>
<meta name="robots" content="index, follow, max-snippet:-1, max-image-preview:large, max-video-preview:-1" />
<link rel="canonical" href="https://departamentos.ufrrj.br/del/projeto-rio-em-movimento/" />
<meta property="og:locale" content="pt_BR" />
<meta property="og:type" content="article" />
<meta property="og:title" content="Projeto Rio em Movimento - Departamento de Esportes e Lazer" />
<meta property="og:description" content="O Projeto Rio em Movimento é uma iniciativa da Universidade Federal Rural do Rio de Janeiro (UFRRJ), por meio da Pró-Reitoria de [&hellip;]" />
<meta property="og:url" content="https://departamentos.ufrrj.br/del/projeto-rio-em-movimento/" />
<meta property="og:site_name" content="Departamento de Esportes e Lazer" />
<meta property="article:modified_time" content="2025-09-11T18:14:49+00:00" />
<meta property="og:image" content="https://departamentos.ufrrj.br/del/wp-content/uploads/sites/5/2025/09/Captura-de-tela-2025-09-11-090300.png" />
	<meta property="og:image:width" content="657" />
	<meta property="og:image:height" content="299" />
	<meta property="og:image:type" content="image/png" />
<meta name="twitter:card" content="summary_large_image" />
<meta name="twitter:label1" content="Est. tempo de leitura" />
	<meta name="twitter:data1" content="2 minutos" />
<script type="application/ld+json" class="yoast-schema-graph">{"@context":"https://schema.org","@graph":[{"@type":"WebPage","@id":"https://departamentos.ufrrj.br/del/projeto-rio-em-movimento/","url":"https://departamentos.ufrrj.br/del/projeto-rio-em-movimento/","name":"Projeto Rio em Movimento - Departamento de Esportes e Lazer","isPartOf":{"@id":"https://departamentos.ufrrj.br/del/#website"},"primaryImageOfPage":{"@id":"https://departamentos.ufrrj.br/del/projeto-rio-em-movimento/#primaryimage"},"image":{"@id":"https://departamentos.ufrrj.br/del/projeto-rio-em-movimento/#primaryimage"},"thumbnailUrl":"https://departamentos.ufrrj.br/del/wp-content/uploads/sites/5/2025/09/Captura-de-tela-2025-09-11-090300.png","datePublished":"2025-09-11T12:05:43+00:00","dateModified":"2025-09-11T18:14:49+00:00","breadcrumb":{"@id":"https://departamentos.ufrrj.br/del/projeto-rio-em-movimento/#breadcrumb"},"inLanguage":"pt-BR","potentialAction":[{"@type":"ReadAction","target":["https://departamentos.ufrrj.br/del/projeto-rio-em-movimento/"]}]},{"@type":"ImageObject","inLanguage":"pt-BR","@id":"https://departamentos.ufrrj.br/del/projeto-rio-em-movimento/#primaryimage","url":"https://departamentos.ufrrj.br/del/wp-content/uploads/sites/5/2025/09/Captura-de-tela-2025-09-11-090300.png","contentUrl":"https://departamentos.ufrrj.br/del/wp-content/uploads/sites/5/2025/09/Captura-de-tela-2025-09-11-090300.png","width":657,"height":299},{"@type":"BreadcrumbList","@id":"https://departamentos.ufrrj.br/del/projeto-rio-em-movimento/#breadcrumb","itemListElement":[{"@type":"ListItem","position":1,"name":"Início","item":"https://departamentos.ufrrj.br/del/"},{"@type":"ListItem","position":2,"name":"Projeto Rio em Movimento"}]},{"@type":"WebSite","@id":"https://departamentos.ufrrj.br/del/#website","url":"https://departamentos.ufrrj.br/del/","name":"Departamento Ciências Econômicas","description":"","publisher":{"@id":"https://departamentos.ufrrj.br/del/#organization"},"potentialAction":[{"@type":"SearchAction","target":{"@type":"EntryPoint","urlTemplate":"https://departamentos.ufrrj.br/del/?s={search_term_string}"},"query-input":{"@type":"PropertyValueSpecification","valueRequired":true,"valueName":"search_term_string"}}],"inLanguage":"pt-BR"},{"@type":"Organization","@id":"https://departamentos.ufrrj.br/del/#organization","name":"Departamento Ciências Econômicas","url":"https://departamentos.ufrrj.br/del/","logo":{"@type":"ImageObject","inLanguage":"pt-BR","@id":"https://departamentos.ufrrj.br/del/#/schema/logo/image/","url":"https://departamentos.ufrrj.br/del/wp-content/uploads/sites/5/2025/03/Design-sem-nome-4-150x150-1.jpg","contentUrl":"https://departamentos.ufrrj.br/del/wp-content/uploads/sites/5/2025/03/Design-sem-nome-4-150x150-1.jpg","width":150,"height":150,"caption":"Departamento Ciências Econômicas"},"image":{"@id":"https://departamentos.ufrrj.br/del/#/schema/logo/image/"},"sameAs":["https://www.instagram.com/del.ufrrj/"]}]}</script>
<!-- / Yoast SEO plugin. -->

O Projeto Rio em Movimento é uma iniciativa da Universidade Federal Rural do Rio de Janeiro (UFRRJ), por meio da Pró-Reitoria de [&hellip;]

Início

Departamento Ciências Econômicas
