{"id":177,"date":"2025-04-09T14:54:31","date_gmt":"2025-04-09T17:54:31","guid":{"rendered":"https:\/\/departamentos.ufrrj.br\/icbs-dcfar\/?page_id=177"},"modified":"2025-05-29T13:07:30","modified_gmt":"2025-05-29T16:07:30","slug":"disciplinas-optativas","status":"publish","type":"page","link":"https:\/\/departamentos.ufrrj.br\/icbs-dcfar\/disciplinas-optativas\/","title":{"rendered":"Disciplinas optativas"},"content":{"rendered":"\n<p><a href=\"https:\/\/drive.google.com\/file\/d\/1DN4bOZ0ycMmGq4VYK6Z8UCbUJpBXF8kr\/view?usp=drive_link\">Aten\u00e7\u00e3o Farmac\u00eautica \u2013 IC642<\/a><\/p>\n\n\n\n<p><a href=\"https:\/\/drive.google.com\/file\/d\/11ADGRYspdnYYs0xvv1M5pIVWbZXPlGzz\/view?usp=drive_link\">Bot\u00e2nica Forense \u2013 IB706<\/a><\/p>\n\n\n\n<p><a href=\"https:\/\/drive.google.com\/file\/d\/116yVHzDrGXRG9bKzrczhMveVMgbSp9U0\/view?usp=drive_link\">Cannabis Medicinal: Da Produ\u00e7\u00e3o \u00e0 Prescri\u00e7\u00e3o \u2013 IB707<\/a><\/p>\n\n\n\n<p><a href=\"https:\/\/drive.google.com\/file\/d\/1mi01yvfyuvlve7MdfTuNXIAk8DtQAAar\/view?usp=drive_link\">Controle de Qualidade Biol\u00f3gico e Microbiol\u00f3gico \u2013 IB714<\/a><\/p>\n\n\n\n<p><a href=\"https:\/\/drive.google.com\/file\/d\/1A3sqOh4dwezUAKx8-Ups4pvNbi9VU52t\/view?usp=drive_link\">Farmacovigil\u00e2ncia \u2013 IC646<\/a><\/p>\n\n\n\n<p><a href=\"https:\/\/drive.google.com\/file\/d\/1s91yl8ACB-_4FsKm6psjDdMlQWVz9YI4\/view?usp=drive_link\">Fitoter\u00e1picos \u2013 IC641<\/a><\/p>\n\n\n\n<p><a href=\"https:\/\/drive.google.com\/file\/d\/1SiDHuTlBbEEgE62vuqN6UlWlICm9k8sD\/view?usp=drive_link\">Garantia de Qualidade \u2013 IB703<\/a><\/p>\n\n\n\n<p><a href=\"https:\/\/drive.google.com\/file\/d\/1uNe24NdHdBx6s67e1SgHuTrGEqfe_hNB\/view?usp=drive_link\">Interprofissionalidade em Sa\u00fade \u2013 IB708<\/a><\/p>\n","protected":false},"excerpt":{"rendered":"<p>Aten\u00e7\u00e3o Farmac\u00eautica \u2013 IC642 Bot\u00e2nica Forense \u2013 IB706 Cannabis Medicinal: Da Produ\u00e7\u00e3o \u00e0 Prescri\u00e7\u00e3o \u2013 IB707 Controle de Qualidade Biol\u00f3gico e Microbiol\u00f3gico [&hellip;]<\/p>\n","protected":false},"author":1,"featured_media":0,"parent":0,"menu_order":0,"comment_status":"closed","ping_status":"closed","template":"","meta":{"_acf_changed":false,"footnotes":""},"class_list":["post-177","page","type-page","status-publish","hentry"],"acf":[],"yoast_head":"<!-- This site is optimized with the Yoast SEO plugin v23.4 - https:\/\/yoast.com\/wordpress\/plugins\/seo\/ -->\n<title>Disciplinas optativas - Departamento de Ci\u00eancias Farmac\u00eauticas<\/title>\n<meta name=\"robots\" content=\"index, follow, max-snippet:-1, max-image-preview:large, max-video-preview:-1\" \/>\n<link rel=\"canonical\" href=\"https:\/\/departamentos.ufrrj.br\/icbs-dcfar\/disciplinas-optativas\/\" \/>\n<meta property=\"og:locale\" content=\"pt_BR\" \/>\n<meta property=\"og:type\" content=\"article\" \/>\n<meta property=\"og:title\" content=\"Disciplinas optativas - Departamento de Ci\u00eancias Farmac\u00eauticas\" \/>\n<meta property=\"og:description\" content=\"Aten\u00e7\u00e3o Farmac\u00eautica \u2013 IC642 Bot\u00e2nica Forense \u2013 IB706 Cannabis Medicinal: Da Produ\u00e7\u00e3o \u00e0 Prescri\u00e7\u00e3o \u2013 IB707 Controle de Qualidade Biol\u00f3gico e Microbiol\u00f3gico [&hellip;]\" \/>\n<meta property=\"og:url\" content=\"https:\/\/departamentos.ufrrj.br\/icbs-dcfar\/disciplinas-optativas\/\" \/>\n<meta property=\"og:site_name\" content=\"Departamento de Ci\u00eancias Farmac\u00eauticas\" \/>\n<meta property=\"article:modified_time\" content=\"2025-05-29T16:07:30+00:00\" \/>\n<meta name=\"twitter:card\" content=\"summary_large_image\" \/>\n<meta name=\"twitter:label1\" content=\"Est. tempo de leitura\" \/>\n\t<meta name=\"twitter:data1\" content=\"1 minuto\" \/>\n<script type=\"application\/ld+json\" class=\"yoast-schema-graph\">{\"@context\":\"https:\/\/schema.org\",\"@graph\":[{\"@type\":\"WebPage\",\"@id\":\"https:\/\/departamentos.ufrrj.br\/icbs-dcfar\/disciplinas-optativas\/\",\"url\":\"https:\/\/departamentos.ufrrj.br\/icbs-dcfar\/disciplinas-optativas\/\",\"name\":\"Disciplinas optativas - Departamento de Ci\u00eancias Farmac\u00eauticas\",\"isPartOf\":{\"@id\":\"https:\/\/departamentos.ufrrj.br\/icbs-dcfar\/#website\"},\"datePublished\":\"2025-04-09T17:54:31+00:00\",\"dateModified\":\"2025-05-29T16:07:30+00:00\",\"breadcrumb\":{\"@id\":\"https:\/\/departamentos.ufrrj.br\/icbs-dcfar\/disciplinas-optativas\/#breadcrumb\"},\"inLanguage\":\"pt-BR\",\"potentialAction\":[{\"@type\":\"ReadAction\",\"target\":[\"https:\/\/departamentos.ufrrj.br\/icbs-dcfar\/disciplinas-optativas\/\"]}]},{\"@type\":\"BreadcrumbList\",\"@id\":\"https:\/\/departamentos.ufrrj.br\/icbs-dcfar\/disciplinas-optativas\/#breadcrumb\",\"itemListElement\":[{\"@type\":\"ListItem\",\"position\":1,\"name\":\"In\u00edcio\",\"item\":\"https:\/\/departamentos.ufrrj.br\/icbs-dcfar\/\"},{\"@type\":\"ListItem\",\"position\":2,\"name\":\"Disciplinas optativas\"}]},{\"@type\":\"WebSite\",\"@id\":\"https:\/\/departamentos.ufrrj.br\/icbs-dcfar\/#website\",\"url\":\"https:\/\/departamentos.ufrrj.br\/icbs-dcfar\/\",\"name\":\"Departamento Ci\u00eancias Farmac\u00eauticas\",\"description\":\"\",\"potentialAction\":[{\"@type\":\"SearchAction\",\"target\":{\"@type\":\"EntryPoint\",\"urlTemplate\":\"https:\/\/departamentos.ufrrj.br\/icbs-dcfar\/?s={search_term_string}\"},\"query-input\":{\"@type\":\"PropertyValueSpecification\",\"valueRequired\":true,\"valueName\":\"search_term_string\"}}],\"inLanguage\":\"pt-BR\"}]}<\/script>\n<!-- \/ Yoast SEO plugin. -->","yoast_head_json":{"title":"Disciplinas optativas - Departamento de Ci\u00eancias Farmac\u00eauticas","robots":{"index":"index","follow":"follow","max-snippet":"max-snippet:-1","max-image-preview":"max-image-preview:large","max-video-preview":"max-video-preview:-1"},"canonical":"https:\/\/departamentos.ufrrj.br\/icbs-dcfar\/disciplinas-optativas\/","og_locale":"pt_BR","og_type":"article","og_title":"Disciplinas optativas - Departamento de Ci\u00eancias Farmac\u00eauticas","og_description":"Aten\u00e7\u00e3o Farmac\u00eautica \u2013 IC642 Bot\u00e2nica Forense \u2013 IB706 Cannabis Medicinal: Da Produ\u00e7\u00e3o \u00e0 Prescri\u00e7\u00e3o \u2013 IB707 Controle de Qualidade Biol\u00f3gico e Microbiol\u00f3gico [&hellip;]","og_url":"https:\/\/departamentos.ufrrj.br\/icbs-dcfar\/disciplinas-optativas\/","og_site_name":"Departamento de Ci\u00eancias Farmac\u00eauticas","article_modified_time":"2025-05-29T16:07:30+00:00","twitter_card":"summary_large_image","twitter_misc":{"Est. tempo de leitura":"1 minuto"},"schema":{"@context":"https:\/\/schema.org","@graph":[{"@type":"WebPage","@id":"https:\/\/departamentos.ufrrj.br\/icbs-dcfar\/disciplinas-optativas\/","url":"https:\/\/departamentos.ufrrj.br\/icbs-dcfar\/disciplinas-optativas\/","name":"Disciplinas optativas - Departamento de Ci\u00eancias Farmac\u00eauticas","isPartOf":{"@id":"https:\/\/departamentos.ufrrj.br\/icbs-dcfar\/#website"},"datePublished":"2025-04-09T17:54:31+00:00","dateModified":"2025-05-29T16:07:30+00:00","breadcrumb":{"@id":"https:\/\/departamentos.ufrrj.br\/icbs-dcfar\/disciplinas-optativas\/#breadcrumb"},"inLanguage":"pt-BR","potentialAction":[{"@type":"ReadAction","target":["https:\/\/departamentos.ufrrj.br\/icbs-dcfar\/disciplinas-optativas\/"]}]},{"@type":"BreadcrumbList","@id":"https:\/\/departamentos.ufrrj.br\/icbs-dcfar\/disciplinas-optativas\/#breadcrumb","itemListElement":[{"@type":"ListItem","position":1,"name":"In\u00edcio","item":"https:\/\/departamentos.ufrrj.br\/icbs-dcfar\/"},{"@type":"ListItem","position":2,"name":"Disciplinas optativas"}]},{"@type":"WebSite","@id":"https:\/\/departamentos.ufrrj.br\/icbs-dcfar\/#website","url":"https:\/\/departamentos.ufrrj.br\/icbs-dcfar\/","name":"Departamento Ci\u00eancias Farmac\u00eauticas","description":"","potentialAction":[{"@type":"SearchAction","target":{"@type":"EntryPoint","urlTemplate":"https:\/\/departamentos.ufrrj.br\/icbs-dcfar\/?s={search_term_string}"},"query-input":{"@type":"PropertyValueSpecification","valueRequired":true,"valueName":"search_term_string"}}],"inLanguage":"pt-BR"}]}},"_links":{"self":[{"href":"https:\/\/departamentos.ufrrj.br\/icbs-dcfar\/wp-json\/wp\/v2\/pages\/177"}],"collection":[{"href":"https:\/\/departamentos.ufrrj.br\/icbs-dcfar\/wp-json\/wp\/v2\/pages"}],"about":[{"href":"https:\/\/departamentos.ufrrj.br\/icbs-dcfar\/wp-json\/wp\/v2\/types\/page"}],"author":[{"embeddable":true,"href":"https:\/\/departamentos.ufrrj.br\/icbs-dcfar\/wp-json\/wp\/v2\/users\/1"}],"replies":[{"embeddable":true,"href":"https:\/\/departamentos.ufrrj.br\/icbs-dcfar\/wp-json\/wp\/v2\/comments?post=177"}],"version-history":[{"count":2,"href":"https:\/\/departamentos.ufrrj.br\/icbs-dcfar\/wp-json\/wp\/v2\/pages\/177\/revisions"}],"predecessor-version":[{"id":228,"href":"https:\/\/departamentos.ufrrj.br\/icbs-dcfar\/wp-json\/wp\/v2\/pages\/177\/revisions\/228"}],"wp:attachment":[{"href":"https:\/\/departamentos.ufrrj.br\/icbs-dcfar\/wp-json\/wp\/v2\/media?parent=177"}],"curies":[{"name":"wp","href":"https:\/\/api.w.org\/{rel}","templated":true}]}}