{"id":221,"date":"2025-05-29T12:59:18","date_gmt":"2025-05-29T15:59:18","guid":{"rendered":"https:\/\/departamentos.ufrrj.br\/icbs-dcfar\/?page_id=221"},"modified":"2025-05-29T12:59:19","modified_gmt":"2025-05-29T15:59:19","slug":"procedimentos-para-2a-chamada","status":"publish","type":"page","link":"https:\/\/departamentos.ufrrj.br\/icbs-dcfar\/procedimentos-para-2a-chamada\/","title":{"rendered":"Procedimentos para 2\u00aa chamada"},"content":{"rendered":"\n<p>Observa\u00e7\u00f5es: O aluno dever\u00e1 preencher o formul\u00e1rio dispon\u00edvel nesta p\u00e1gina pelo link abaixo, preench\u00ea-lo e e entreg\u00e1-lo juntamente com o atestado m\u00e9dico original e c\u00f3pia no Departamento de Ci\u00eancias Farmac\u00eauticas em at\u00e9 3 (tr\u00eas) ap\u00f3s cessado o impedimento.<\/p>\n\n\n\n<p><a href=\"https:\/\/drive.google.com\/file\/d\/1Ifvsd8xIqzI3xLJxDXcJjxdG3WKdmL3Q\/view?usp=drive_link\">SOLICITA\u00c7\u00c3O DE VERIFICA\u00c7\u00c3O ESPECIAL (2\u00aa chamada)<\/a><\/p>\n","protected":false},"excerpt":{"rendered":"<p>Observa\u00e7\u00f5es: O aluno dever\u00e1 preencher o formul\u00e1rio dispon\u00edvel nesta p\u00e1gina pelo link abaixo, preench\u00ea-lo e e entreg\u00e1-lo juntamente com o atestado m\u00e9dico [&hellip;]<\/p>\n","protected":false},"author":1,"featured_media":0,"parent":0,"menu_order":0,"comment_status":"closed","ping_status":"closed","template":"","meta":{"_acf_changed":false,"footnotes":""},"class_list":["post-221","page","type-page","status-publish","hentry"],"acf":[],"yoast_head":"<!-- This site is optimized with the Yoast SEO plugin v23.4 - https:\/\/yoast.com\/wordpress\/plugins\/seo\/ -->\n<title>Procedimentos para 2\u00aa chamada - Departamento de Ci\u00eancias Farmac\u00eauticas<\/title>\n<meta name=\"robots\" content=\"index, follow, max-snippet:-1, max-image-preview:large, max-video-preview:-1\" \/>\n<link rel=\"canonical\" href=\"https:\/\/departamentos.ufrrj.br\/icbs-dcfar\/procedimentos-para-2a-chamada\/\" \/>\n<meta property=\"og:locale\" content=\"pt_BR\" \/>\n<meta property=\"og:type\" content=\"article\" \/>\n<meta property=\"og:title\" content=\"Procedimentos para 2\u00aa chamada - Departamento de Ci\u00eancias Farmac\u00eauticas\" \/>\n<meta property=\"og:description\" content=\"Observa\u00e7\u00f5es: O aluno dever\u00e1 preencher o formul\u00e1rio dispon\u00edvel nesta p\u00e1gina pelo link abaixo, preench\u00ea-lo e e entreg\u00e1-lo juntamente com o atestado m\u00e9dico [&hellip;]\" \/>\n<meta property=\"og:url\" content=\"https:\/\/departamentos.ufrrj.br\/icbs-dcfar\/procedimentos-para-2a-chamada\/\" \/>\n<meta property=\"og:site_name\" content=\"Departamento de Ci\u00eancias Farmac\u00eauticas\" \/>\n<meta property=\"article:modified_time\" content=\"2025-05-29T15:59:19+00:00\" \/>\n<meta name=\"twitter:card\" content=\"summary_large_image\" \/>\n<meta name=\"twitter:label1\" content=\"Est. tempo de leitura\" \/>\n\t<meta name=\"twitter:data1\" content=\"1 minuto\" \/>\n<script type=\"application\/ld+json\" class=\"yoast-schema-graph\">{\"@context\":\"https:\/\/schema.org\",\"@graph\":[{\"@type\":\"WebPage\",\"@id\":\"https:\/\/departamentos.ufrrj.br\/icbs-dcfar\/procedimentos-para-2a-chamada\/\",\"url\":\"https:\/\/departamentos.ufrrj.br\/icbs-dcfar\/procedimentos-para-2a-chamada\/\",\"name\":\"Procedimentos para 2\u00aa chamada - Departamento de Ci\u00eancias Farmac\u00eauticas\",\"isPartOf\":{\"@id\":\"https:\/\/departamentos.ufrrj.br\/icbs-dcfar\/#website\"},\"datePublished\":\"2025-05-29T15:59:18+00:00\",\"dateModified\":\"2025-05-29T15:59:19+00:00\",\"breadcrumb\":{\"@id\":\"https:\/\/departamentos.ufrrj.br\/icbs-dcfar\/procedimentos-para-2a-chamada\/#breadcrumb\"},\"inLanguage\":\"pt-BR\",\"potentialAction\":[{\"@type\":\"ReadAction\",\"target\":[\"https:\/\/departamentos.ufrrj.br\/icbs-dcfar\/procedimentos-para-2a-chamada\/\"]}]},{\"@type\":\"BreadcrumbList\",\"@id\":\"https:\/\/departamentos.ufrrj.br\/icbs-dcfar\/procedimentos-para-2a-chamada\/#breadcrumb\",\"itemListElement\":[{\"@type\":\"ListItem\",\"position\":1,\"name\":\"In\u00edcio\",\"item\":\"https:\/\/departamentos.ufrrj.br\/icbs-dcfar\/\"},{\"@type\":\"ListItem\",\"position\":2,\"name\":\"Procedimentos para 2\u00aa chamada\"}]},{\"@type\":\"WebSite\",\"@id\":\"https:\/\/departamentos.ufrrj.br\/icbs-dcfar\/#website\",\"url\":\"https:\/\/departamentos.ufrrj.br\/icbs-dcfar\/\",\"name\":\"Departamento Ci\u00eancias Farmac\u00eauticas\",\"description\":\"\",\"potentialAction\":[{\"@type\":\"SearchAction\",\"target\":{\"@type\":\"EntryPoint\",\"urlTemplate\":\"https:\/\/departamentos.ufrrj.br\/icbs-dcfar\/?s={search_term_string}\"},\"query-input\":{\"@type\":\"PropertyValueSpecification\",\"valueRequired\":true,\"valueName\":\"search_term_string\"}}],\"inLanguage\":\"pt-BR\"}]}<\/script>\n<!-- \/ Yoast SEO plugin. -->","yoast_head_json":{"title":"Procedimentos para 2\u00aa chamada - Departamento de Ci\u00eancias Farmac\u00eauticas","robots":{"index":"index","follow":"follow","max-snippet":"max-snippet:-1","max-image-preview":"max-image-preview:large","max-video-preview":"max-video-preview:-1"},"canonical":"https:\/\/departamentos.ufrrj.br\/icbs-dcfar\/procedimentos-para-2a-chamada\/","og_locale":"pt_BR","og_type":"article","og_title":"Procedimentos para 2\u00aa chamada - Departamento de Ci\u00eancias Farmac\u00eauticas","og_description":"Observa\u00e7\u00f5es: O aluno dever\u00e1 preencher o formul\u00e1rio dispon\u00edvel nesta p\u00e1gina pelo link abaixo, preench\u00ea-lo e e entreg\u00e1-lo juntamente com o atestado m\u00e9dico [&hellip;]","og_url":"https:\/\/departamentos.ufrrj.br\/icbs-dcfar\/procedimentos-para-2a-chamada\/","og_site_name":"Departamento de Ci\u00eancias Farmac\u00eauticas","article_modified_time":"2025-05-29T15:59:19+00:00","twitter_card":"summary_large_image","twitter_misc":{"Est. tempo de leitura":"1 minuto"},"schema":{"@context":"https:\/\/schema.org","@graph":[{"@type":"WebPage","@id":"https:\/\/departamentos.ufrrj.br\/icbs-dcfar\/procedimentos-para-2a-chamada\/","url":"https:\/\/departamentos.ufrrj.br\/icbs-dcfar\/procedimentos-para-2a-chamada\/","name":"Procedimentos para 2\u00aa chamada - Departamento de Ci\u00eancias Farmac\u00eauticas","isPartOf":{"@id":"https:\/\/departamentos.ufrrj.br\/icbs-dcfar\/#website"},"datePublished":"2025-05-29T15:59:18+00:00","dateModified":"2025-05-29T15:59:19+00:00","breadcrumb":{"@id":"https:\/\/departamentos.ufrrj.br\/icbs-dcfar\/procedimentos-para-2a-chamada\/#breadcrumb"},"inLanguage":"pt-BR","potentialAction":[{"@type":"ReadAction","target":["https:\/\/departamentos.ufrrj.br\/icbs-dcfar\/procedimentos-para-2a-chamada\/"]}]},{"@type":"BreadcrumbList","@id":"https:\/\/departamentos.ufrrj.br\/icbs-dcfar\/procedimentos-para-2a-chamada\/#breadcrumb","itemListElement":[{"@type":"ListItem","position":1,"name":"In\u00edcio","item":"https:\/\/departamentos.ufrrj.br\/icbs-dcfar\/"},{"@type":"ListItem","position":2,"name":"Procedimentos para 2\u00aa chamada"}]},{"@type":"WebSite","@id":"https:\/\/departamentos.ufrrj.br\/icbs-dcfar\/#website","url":"https:\/\/departamentos.ufrrj.br\/icbs-dcfar\/","name":"Departamento Ci\u00eancias Farmac\u00eauticas","description":"","potentialAction":[{"@type":"SearchAction","target":{"@type":"EntryPoint","urlTemplate":"https:\/\/departamentos.ufrrj.br\/icbs-dcfar\/?s={search_term_string}"},"query-input":{"@type":"PropertyValueSpecification","valueRequired":true,"valueName":"search_term_string"}}],"inLanguage":"pt-BR"}]}},"_links":{"self":[{"href":"https:\/\/departamentos.ufrrj.br\/icbs-dcfar\/wp-json\/wp\/v2\/pages\/221"}],"collection":[{"href":"https:\/\/departamentos.ufrrj.br\/icbs-dcfar\/wp-json\/wp\/v2\/pages"}],"about":[{"href":"https:\/\/departamentos.ufrrj.br\/icbs-dcfar\/wp-json\/wp\/v2\/types\/page"}],"author":[{"embeddable":true,"href":"https:\/\/departamentos.ufrrj.br\/icbs-dcfar\/wp-json\/wp\/v2\/users\/1"}],"replies":[{"embeddable":true,"href":"https:\/\/departamentos.ufrrj.br\/icbs-dcfar\/wp-json\/wp\/v2\/comments?post=221"}],"version-history":[{"count":1,"href":"https:\/\/departamentos.ufrrj.br\/icbs-dcfar\/wp-json\/wp\/v2\/pages\/221\/revisions"}],"predecessor-version":[{"id":222,"href":"https:\/\/departamentos.ufrrj.br\/icbs-dcfar\/wp-json\/wp\/v2\/pages\/221\/revisions\/222"}],"wp:attachment":[{"href":"https:\/\/departamentos.ufrrj.br\/icbs-dcfar\/wp-json\/wp\/v2\/media?parent=221"}],"curies":[{"name":"wp","href":"https:\/\/api.w.org\/{rel}","templated":true}]}}